{"id":3555,"date":"2026-02-02T21:37:43","date_gmt":"2026-02-02T18:37:43","guid":{"rendered":"https:\/\/www.kozmodern.com\/?product=kerastase-elixir-ultime-lhuile-originale-sac-yagi-30-ml"},"modified":"2026-04-18T15:40:37","modified_gmt":"2026-04-18T12:40:37","slug":"kerastase-elixir-ultime-lhuile-originale-sac-yagi-30-ml","status":"publish","type":"product","link":"https:\/\/www.kozmodern.com\/?product=kerastase-elixir-ultime-lhuile-originale-sac-yagi-30-ml","title":{"rendered":"Kerastase Elixir Ultime L&#8217;Huile Originale Sa\u00e7 Ya\u011f\u0131 30 ml"},"content":{"rendered":"<p>K\u00e9rastase Elixir Ultime L\u2019Huile Originale, sa\u00e7lara yo\u011fun parlakl\u0131k, besleyicilik ve yumu\u015fakl\u0131k veren \u00e7ok ama\u00e7l\u0131 bir sa\u00e7 bak\u0131m ya\u011f\u0131d\u0131r. Sa\u00e7 tellerini besler, kuru ve y\u0131pranm\u0131\u015f u\u00e7lar\u0131 onarmaya yard\u0131mc\u0131 olur, elektriklenmeyi azalt\u0131r ve sa\u00e7a l\u00fcks bir parlakl\u0131k kazand\u0131r\u0131r.<\/p>\n","protected":false},"excerpt":{"rendered":"<h3 data-start=\"376\" data-end=\"401\">Ne i\u00e7in kullan\u0131l\u0131r?<\/h3>\n<ul data-start=\"402\" data-end=\"661\">\n<li data-start=\"402\" data-end=\"456\">\n<p data-start=\"404\" data-end=\"456\">Sa\u00e7a yo\u011fun parlakl\u0131k ve yumu\u015fakl\u0131k kazand\u0131rmak<\/p>\n<\/li>\n<li data-start=\"457\" data-end=\"498\">\n<p data-start=\"459\" data-end=\"498\">Kuru ve y\u0131pranm\u0131\u015f u\u00e7lar\u0131 beslemek<\/p>\n<\/li>\n<li data-start=\"499\" data-end=\"531\">\n<p data-start=\"501\" data-end=\"531\">Elektriklenmeyi azaltmak<\/p>\n<\/li>\n<li data-start=\"532\" data-end=\"597\">\n<p data-start=\"534\" data-end=\"597\">Sa\u00e7\u0131n daha p\u00fcr\u00fczs\u00fcz ve kontroll\u00fc g\u00f6r\u00fcnmesini sa\u011flamak<\/p>\n<\/li>\n<li data-start=\"598\" data-end=\"661\">\n<p data-start=\"600\" data-end=\"661\">G\u00fcnl\u00fck bak\u0131m veya \u0131s\u0131 \u00f6ncesi koruma olarak kullan\u0131labilir<\/p>\n<\/li>\n<\/ul>\n<hr data-start=\"663\" data-end=\"666\" \/>\n<h3 data-start=\"668\" data-end=\"706\">Hangi sa\u00e7 tipleri i\u00e7in uygundur?<\/h3>\n<ul data-start=\"707\" data-end=\"856\">\n<li data-start=\"707\" data-end=\"736\">\n<p data-start=\"709\" data-end=\"736\">Kuru veya \u00e7ok kuru sa\u00e7lar<\/p>\n<\/li>\n<li data-start=\"737\" data-end=\"761\">\n<p data-start=\"739\" data-end=\"761\">Mat ve cans\u0131z sa\u00e7lar<\/p>\n<\/li>\n<li data-start=\"762\" data-end=\"781\">\n<p data-start=\"764\" data-end=\"781\">K\u0131r\u0131lgan sa\u00e7lar<\/p>\n<\/li>\n<li data-start=\"782\" data-end=\"814\">\n<p data-start=\"784\" data-end=\"814\">Elektriklenme ya\u015fayan sa\u00e7lar<\/p>\n<\/li>\n<li data-start=\"815\" data-end=\"856\">\n<p data-start=\"817\" data-end=\"856\">T\u00fcm sa\u00e7 tiplerinde parlakl\u0131k isteyenler<\/p>\n<\/li>\n<\/ul>\n<hr data-start=\"858\" data-end=\"861\" \/>\n<h3 data-start=\"863\" data-end=\"886\">Nas\u0131l kullan\u0131l\u0131r?<\/h3>\n<ul data-start=\"887\" data-end=\"1092\">\n<li data-start=\"887\" data-end=\"956\">\n<p data-start=\"889\" data-end=\"956\">Nemli sa\u00e7ta: 1\u20133 pompa \u00fcr\u00fcn\u00fc sa\u00e7\u0131n boy ve u\u00e7lar\u0131na uygulay\u0131n.<\/p>\n<\/li>\n<li data-start=\"957\" data-end=\"1017\">\n<p data-start=\"959\" data-end=\"1017\">Kuru sa\u00e7ta: Parlakl\u0131k i\u00e7in u\u00e7lara hafif\u00e7e uygulay\u0131n.<\/p>\n<\/li>\n<li data-start=\"1018\" data-end=\"1092\">\n<p data-start=\"1020\" data-end=\"1092\">Is\u0131 \u00f6ncesi: F\u00f6n veya di\u011fer \u015fekillendirmeler \u00f6ncesinde uygulanabilir.<\/p>\n<\/li>\n<\/ul>\n<h3><\/h3>\n<h3>\u0130\u00c7ER\u0130K:<\/h3>\n<p>Isododecane, Dimethicone, Dimethiconol, Camellia Oleifera Seed Oil, Zea Mays Germ Oil \/ Corn Germ Oil, Argania Spinosa Kernel Oil, Sclerocarya Birrea Seed Oil, Pentaclethra Macroloba Seed Oil, Caprylic\/Capric Triglyceride, Camelina Sativa Seed Oil, Linalool, Alpha\u2011Isomethyl Ionone, Limonene, Coumarin, Benzyl Alcohol, Camellia Japonica Flower Extract, Phyllanthus Emblica Fruit Extract, Tocopherol, Parfum \/ Fragrance<\/p>\n","protected":false},"featured_media":3554,"comment_status":"open","ping_status":"closed","template":"","meta":{"_acf_changed":false},"product_brand":[171],"product_cat":[15],"product_tag":[],"class_list":{"0":"post-3555","1":"product","2":"type-product","3":"status-publish","4":"has-post-thumbnail","6":"product_brand-kerastase","7":"product_cat-genel","9":"first","10":"instock","11":"shipping-taxable","12":"purchasable","13":"product-type-simple"},"acf":[],"_links":{"self":[{"href":"https:\/\/www.kozmodern.com\/index.php?rest_route=\/wp\/v2\/product\/3555","targetHints":{"allow":["GET"]}}],"collection":[{"href":"https:\/\/www.kozmodern.com\/index.php?rest_route=\/wp\/v2\/product"}],"about":[{"href":"https:\/\/www.kozmodern.com\/index.php?rest_route=\/wp\/v2\/types\/product"}],"replies":[{"embeddable":true,"href":"https:\/\/www.kozmodern.com\/index.php?rest_route=%2Fwp%2Fv2%2Fcomments&post=3555"}],"wp:featuredmedia":[{"embeddable":true,"href":"https:\/\/www.kozmodern.com\/index.php?rest_route=\/wp\/v2\/media\/3554"}],"wp:attachment":[{"href":"https:\/\/www.kozmodern.com\/index.php?rest_route=%2Fwp%2Fv2%2Fmedia&parent=3555"}],"wp:term":[{"taxonomy":"product_brand","embeddable":true,"href":"https:\/\/www.kozmodern.com\/index.php?rest_route=%2Fwp%2Fv2%2Fproduct_brand&post=3555"},{"taxonomy":"product_cat","embeddable":true,"href":"https:\/\/www.kozmodern.com\/index.php?rest_route=%2Fwp%2Fv2%2Fproduct_cat&post=3555"},{"taxonomy":"product_tag","embeddable":true,"href":"https:\/\/www.kozmodern.com\/index.php?rest_route=%2Fwp%2Fv2%2Fproduct_tag&post=3555"}],"curies":[{"name":"wp","href":"https:\/\/api.w.org\/{rel}","templated":true}]}}