{"id":3613,"date":"2026-02-02T21:42:58","date_gmt":"2026-02-02T18:42:58","guid":{"rendered":"https:\/\/www.kozmodern.com\/?product=kerastase-symbiose-kepek-karsiti-nemlendirici-hucresel-sampuan-250-ml"},"modified":"2026-04-18T16:24:43","modified_gmt":"2026-04-18T13:24:43","slug":"kerastase-symbiose-kepek-karsiti-nemlendirici-hucresel-sampuan-250-ml","status":"publish","type":"product","link":"https:\/\/www.kozmodern.com\/?product=kerastase-symbiose-kepek-karsiti-nemlendirici-hucresel-sampuan-250-ml","title":{"rendered":"Kerastase Symbiose Kepek Kar\u015f\u0131t\u0131 Nemlendirici H\u00fccresel \u015eampuan 250 ml"},"content":{"rendered":"<p>Bu \u00fcr\u00fcn, kepek problemi ya\u015fayan sa\u00e7 derisi i\u00e7in geli\u015ftirilen nemlendirici anti\u2011kepek \u015fampuand\u0131r. Kepe\u011fe neden olan d\u00f6k\u00fclm\u00fc\u015f deri ve pullar\u0131 etkili bir \u015fekilde temizlerken sa\u00e7 derisini nemlendirir ve yat\u0131\u015ft\u0131r\u0131r. \u2060Kremsi yap\u0131s\u0131 sayesinde sa\u00e7 lifini de nazik\u00e7e temizler ve sa\u00e7 derisine rahatlama hissi b\u0131rak\u0131r.<\/p>\n","protected":false},"excerpt":{"rendered":"<h3 data-start=\"424\" data-end=\"450\">Ne i\u00e7in kullan\u0131l\u0131r?<\/h3>\n<ul data-start=\"451\" data-end=\"727\">\n<li data-start=\"451\" data-end=\"500\">\n<p data-start=\"453\" data-end=\"500\">Sa\u00e7 derisindeki kepe\u011fi ve pullar\u0131 giderir<\/p>\n<\/li>\n<li data-start=\"501\" data-end=\"543\">\n<p data-start=\"503\" data-end=\"543\">Sa\u00e7 derisini temizler ve ar\u0131nd\u0131r\u0131r<\/p>\n<\/li>\n<li data-start=\"544\" data-end=\"577\">\n<p data-start=\"546\" data-end=\"577\">Nemlendirir ve yat\u0131\u015ft\u0131r\u0131r<\/p>\n<\/li>\n<li data-start=\"578\" data-end=\"612\">\n<p data-start=\"580\" data-end=\"612\">Sa\u00e7\u0131 hafif ve taze hissettirir<\/p>\n<\/li>\n<li data-start=\"613\" data-end=\"727\">\n<p data-start=\"615\" data-end=\"727\">Sa\u00e7 k\u00f6klerini destekler ve sa\u00e7\u0131n daha sa\u011fl\u0131kl\u0131 g\u00f6r\u00fcnmesine yard\u0131mc\u0131 olur<\/p>\n<\/li>\n<\/ul>\n<h3 data-start=\"729\" data-end=\"771\">Hangi sa\u00e7 tipleri i\u00e7in uygundur?<\/h3>\n<ul data-start=\"772\" data-end=\"903\">\n<li data-start=\"772\" data-end=\"794\">\n<p data-start=\"774\" data-end=\"794\">Kepekli sa\u00e7 derisi<\/p>\n<\/li>\n<li data-start=\"795\" data-end=\"833\">\n<p data-start=\"797\" data-end=\"833\">Kuru ve pul pul d\u00f6k\u00fclen sa\u00e7 derisi<\/p>\n<\/li>\n<li data-start=\"834\" data-end=\"877\">\n<p data-start=\"836\" data-end=\"877\">Nem ve yat\u0131\u015fma ihtiyac\u0131 olan sa\u00e7lar<\/p>\n<\/li>\n<li data-start=\"878\" data-end=\"903\">\n<p data-start=\"880\" data-end=\"903\">Normal ve kuru sa\u00e7lar<\/p>\n<\/li>\n<\/ul>\n<h3 data-start=\"905\" data-end=\"929\">Nas\u0131l kullan\u0131l\u0131r?<\/h3>\n<ol data-start=\"930\" data-end=\"1108\">\n<li data-start=\"930\" data-end=\"960\">\n<p data-start=\"933\" data-end=\"960\">Islak sa\u00e7a uygulay\u0131n.<\/p>\n<\/li>\n<li data-start=\"961\" data-end=\"1002\">\n<p data-start=\"964\" data-end=\"1002\">Sa\u00e7 derisine masaj yaparak k\u00f6p\u00fcrt\u00fcn.<\/p>\n<\/li>\n<li data-start=\"1003\" data-end=\"1024\">\n<p data-start=\"1006\" data-end=\"1024\">\u0130yice durulay\u0131n.<\/p>\n<\/li>\n<li data-start=\"1025\" data-end=\"1108\">\n<p data-start=\"1028\" data-end=\"1108\">Gerekirse ikinci kez uygulayabilirsiniz.<\/p>\n<\/li>\n<\/ol>\n<hr data-start=\"1110\" data-end=\"1113\" \/>\n<h4 data-start=\"1115\" data-end=\"1140\">\u0130\u00c7ER\u0130K:<\/h4>\n<p data-start=\"1142\" data-end=\"1855\">Aqua \/ Water \/ Eau \u2014 Sodium Cocoyl Isethionate \u2014 Disodium Laureth Sulfosuccinate \u2014 Glycol Distearate \u2014 Sodium Lauryl Sulfoacetate \u2014 Sodium Lauroyl Sarcosinate \u2014 Glycerin \u2014 Parfum \/ Fragrance \u2014 Decyl Glucoside \u2014 Cocamidopropyl Betaine \u2014 PPG\u20115\u2011Ceteth\u201120 \u2014 Coco\u2011Betaine \u2014 Citric Acid \u2014 Sodium Hydroxide \u2014 Piroctone Olamine \u2014 Salicylic Acid \u2014 Sodium Benzoate \u2014 Sodium Chloride \u2014 Carbomer \u2014 PEG\u201155 Propylene Glycol Oleate \u2014 Propylene Glycol \u2014 Limonene \u2014 Polyquaternium\u20117 \u2014 Polyquaternium\u201110 \u2014 Benzoic Acid \u2014 Squalane \u2014 Polysorbate 21 \u2014 Benzyl Salicylate \u2014 Benzyl Alcohol \u2014 Linalool \u2014 Citronellol \u2014 Citral \u2014 Geraniol \u2014 Artemisia Umbelliformis Flower Extract \u2014 Potassium Sorbate<\/p>\n","protected":false},"featured_media":3612,"comment_status":"open","ping_status":"closed","template":"","meta":{"_acf_changed":false},"product_brand":[171],"product_cat":[15],"product_tag":[182,181,175],"class_list":{"0":"post-3613","1":"product","2":"type-product","3":"status-publish","4":"has-post-thumbnail","6":"product_brand-kerastase","7":"product_cat-genel","8":"product_tag-kepekli-saclar","9":"product_tag-nemlendrici","10":"product_tag-sampuan","12":"first","13":"outofstock","14":"shipping-taxable","15":"purchasable","16":"product-type-simple"},"acf":[],"_links":{"self":[{"href":"https:\/\/www.kozmodern.com\/index.php?rest_route=\/wp\/v2\/product\/3613","targetHints":{"allow":["GET"]}}],"collection":[{"href":"https:\/\/www.kozmodern.com\/index.php?rest_route=\/wp\/v2\/product"}],"about":[{"href":"https:\/\/www.kozmodern.com\/index.php?rest_route=\/wp\/v2\/types\/product"}],"replies":[{"embeddable":true,"href":"https:\/\/www.kozmodern.com\/index.php?rest_route=%2Fwp%2Fv2%2Fcomments&post=3613"}],"wp:featuredmedia":[{"embeddable":true,"href":"https:\/\/www.kozmodern.com\/index.php?rest_route=\/wp\/v2\/media\/3612"}],"wp:attachment":[{"href":"https:\/\/www.kozmodern.com\/index.php?rest_route=%2Fwp%2Fv2%2Fmedia&parent=3613"}],"wp:term":[{"taxonomy":"product_brand","embeddable":true,"href":"https:\/\/www.kozmodern.com\/index.php?rest_route=%2Fwp%2Fv2%2Fproduct_brand&post=3613"},{"taxonomy":"product_cat","embeddable":true,"href":"https:\/\/www.kozmodern.com\/index.php?rest_route=%2Fwp%2Fv2%2Fproduct_cat&post=3613"},{"taxonomy":"product_tag","embeddable":true,"href":"https:\/\/www.kozmodern.com\/index.php?rest_route=%2Fwp%2Fv2%2Fproduct_tag&post=3613"}],"curies":[{"name":"wp","href":"https:\/\/api.w.org\/{rel}","templated":true}]}}