{"id":3621,"date":"2026-02-02T21:43:11","date_gmt":"2026-02-02T18:43:11","guid":{"rendered":"https:\/\/www.kozmodern.com\/?product=nashi-argansampuan-500-ml"},"modified":"2026-03-10T01:06:58","modified_gmt":"2026-03-09T22:06:58","slug":"nashi-argansampuan-500-ml","status":"publish","type":"product","link":"https:\/\/www.kozmodern.com\/?product=nashi-argansampuan-500-ml","title":{"rendered":"Nashi Argan \u015eampuan 500 ml"},"content":{"rendered":"<p data-start=\"49\" data-end=\"316\">Nashi Argan Shampoo 500 ml, sa\u00e7lar\u0131 nazik\u00e7e temizleyen ve ayn\u0131 zamanda nemlendirip besleyen bir argan ya\u011fl\u0131 \u015fampuand\u0131r. Sa\u00e7\u0131n do\u011fal ya\u011f dengesini korumaya yard\u0131mc\u0131 olur, sa\u00e7 tellerini g\u00fc\u00e7lendirir ve sa\u00e7\u0131n daha yumu\u015fak, parlak ve sa\u011fl\u0131kl\u0131 g\u00f6r\u00fcnmesini sa\u011flar.<\/p>\n<p data-start=\"318\" data-end=\"447\">Bu \u015fampuan s\u0131k y\u0131kama sonucu kuruyan, matla\u015fan ve y\u0131pranan sa\u00e7lar i\u00e7in \u00f6zellikle uygundur ve sa\u00e7 derisini nazik\u00e7e temizler.<\/p>\n","protected":false},"excerpt":{"rendered":"<h3 data-start=\"454\" data-end=\"477\">Ne i\u00e7in kullan\u0131l\u0131r?<\/h3>\n<ul data-start=\"478\" data-end=\"707\">\n<li data-start=\"478\" data-end=\"522\">\n<p data-start=\"480\" data-end=\"522\">Sa\u00e7\u0131 temizlemek ve kirden ar\u0131nd\u0131rmak<\/p>\n<\/li>\n<li data-start=\"523\" data-end=\"564\">\n<p data-start=\"525\" data-end=\"564\">Sa\u00e7a nem ve parlakl\u0131k kazand\u0131rmak<\/p>\n<\/li>\n<li data-start=\"565\" data-end=\"623\">\n<p data-start=\"567\" data-end=\"623\">Sa\u00e7 tellerini daha g\u00fc\u00e7l\u00fc ve sa\u011fl\u0131kl\u0131 hale getirmek<\/p>\n<\/li>\n<li data-start=\"624\" data-end=\"663\">\n<p data-start=\"626\" data-end=\"663\">Kuru ve y\u0131pranm\u0131\u015f sa\u00e7lara bak\u0131m<\/p>\n<\/li>\n<li data-start=\"664\" data-end=\"707\">\n<p data-start=\"666\" data-end=\"707\">Sa\u00e7\u0131n daha kolay taranmas\u0131n\u0131 sa\u011flamak<\/p>\n<\/li>\n<\/ul>\n<hr data-start=\"709\" data-end=\"712\" \/>\n<h3 data-start=\"714\" data-end=\"750\">Hangi sa\u00e7 tipleri i\u00e7in uygundur?<\/h3>\n<ul data-start=\"751\" data-end=\"903\">\n<li data-start=\"751\" data-end=\"766\">\n<p data-start=\"753\" data-end=\"766\">Kuru sa\u00e7lar<\/p>\n<\/li>\n<li data-start=\"767\" data-end=\"803\">\n<p data-start=\"769\" data-end=\"803\">Y\u0131pranm\u0131\u015f ve i\u015flem g\u00f6rm\u00fc\u015f sa\u00e7lar<\/p>\n<\/li>\n<li data-start=\"804\" data-end=\"828\">\n<p data-start=\"806\" data-end=\"828\">Mat ve cans\u0131z sa\u00e7lar<\/p>\n<\/li>\n<li data-start=\"829\" data-end=\"846\">\n<p data-start=\"831\" data-end=\"846\">Normal sa\u00e7lar<\/p>\n<\/li>\n<li data-start=\"847\" data-end=\"903\">\n<p data-start=\"849\" data-end=\"903\">Boyal\u0131 sa\u00e7lar da dahil olmak \u00fczere t\u00fcm sa\u00e7 tipleri<\/p>\n<\/li>\n<\/ul>\n<hr data-start=\"905\" data-end=\"908\" \/>\n<h3 data-start=\"910\" data-end=\"931\">Nas\u0131l kullan\u0131l\u0131r?<\/h3>\n<ol data-start=\"932\" data-end=\"1135\">\n<li data-start=\"932\" data-end=\"962\">\n<p data-start=\"935\" data-end=\"962\">Islak sa\u00e7a uygulan\u0131r.<\/p>\n<\/li>\n<li data-start=\"963\" data-end=\"1003\">\n<p data-start=\"966\" data-end=\"1003\">Sa\u00e7 derisine nazik\u00e7e masaj yap\u0131l\u0131r.<\/p>\n<\/li>\n<li data-start=\"1004\" data-end=\"1052\">\n<p data-start=\"1007\" data-end=\"1052\">K\u00f6p\u00fcrt\u00fcl\u00fcr ve birka\u00e7 dakika bekletilir.<\/p>\n<\/li>\n<li data-start=\"1053\" data-end=\"1135\">\n<p data-start=\"1056\" data-end=\"1135\">Ard\u0131ndan iyi durulan\u0131r.<br data-start=\"1083\" data-end=\"1086\" \/>\u0130htiya\u00e7 duyulursa uygulama tekrar edilebilir.<\/p>\n<\/li>\n<\/ol>\n<hr data-start=\"1137\" data-end=\"1140\" \/>\n<h4 data-start=\"1142\" data-end=\"1164\">\u0130\u00c7ER\u0130K:<\/h4>\n<p data-start=\"1166\" data-end=\"1483\">Aqua (Water) \u2014 Sodium Laureth Sulfate \u2014 Cocamidopropyl Betaine \u2014 Argania Spinosa Kernel Oil \u2014 Linum Usitatissimum (Linseed) Seed Oil \u2014 Glycerin \u2014 Cocamide MEA \u2014 Sodium Chloride \u2014 Parfum (Fragrance) \u2014 Citric Acid \u2014 Sodium Benzoate \u2014 Polyquaternium\u201110 \u2014 Panthenol \u2014 Linalool \u2014 Hexyl Cinnamal \u2014 Limonene \u2014 Benzyl Alcohol<\/p>\n","protected":false},"featured_media":3620,"comment_status":"open","ping_status":"closed","template":"","meta":{"_acf_changed":false},"product_brand":[185],"product_cat":[15],"product_tag":[181,175,183],"class_list":{"0":"post-3621","1":"product","2":"type-product","3":"status-publish","4":"has-post-thumbnail","6":"product_brand-nashi","7":"product_cat-genel","8":"product_tag-nemlendrici","9":"product_tag-sampuan","10":"product_tag-tum-sac-tipleri","12":"first","13":"instock","14":"shipping-taxable","15":"purchasable","16":"product-type-simple"},"acf":[],"_links":{"self":[{"href":"https:\/\/www.kozmodern.com\/index.php?rest_route=\/wp\/v2\/product\/3621","targetHints":{"allow":["GET"]}}],"collection":[{"href":"https:\/\/www.kozmodern.com\/index.php?rest_route=\/wp\/v2\/product"}],"about":[{"href":"https:\/\/www.kozmodern.com\/index.php?rest_route=\/wp\/v2\/types\/product"}],"replies":[{"embeddable":true,"href":"https:\/\/www.kozmodern.com\/index.php?rest_route=%2Fwp%2Fv2%2Fcomments&post=3621"}],"wp:featuredmedia":[{"embeddable":true,"href":"https:\/\/www.kozmodern.com\/index.php?rest_route=\/wp\/v2\/media\/3620"}],"wp:attachment":[{"href":"https:\/\/www.kozmodern.com\/index.php?rest_route=%2Fwp%2Fv2%2Fmedia&parent=3621"}],"wp:term":[{"taxonomy":"product_brand","embeddable":true,"href":"https:\/\/www.kozmodern.com\/index.php?rest_route=%2Fwp%2Fv2%2Fproduct_brand&post=3621"},{"taxonomy":"product_cat","embeddable":true,"href":"https:\/\/www.kozmodern.com\/index.php?rest_route=%2Fwp%2Fv2%2Fproduct_cat&post=3621"},{"taxonomy":"product_tag","embeddable":true,"href":"https:\/\/www.kozmodern.com\/index.php?rest_route=%2Fwp%2Fv2%2Fproduct_tag&post=3621"}],"curies":[{"name":"wp","href":"https:\/\/api.w.org\/{rel}","templated":true}]}}