{"id":3634,"date":"2026-02-02T21:43:32","date_gmt":"2026-02-02T18:43:32","guid":{"rendered":"https:\/\/www.kozmodern.com\/?product=davines-oi-all-in-one-milk-135ml"},"modified":"2026-03-10T00:56:34","modified_gmt":"2026-03-09T21:56:34","slug":"davines-oi-all-in-one-milk-135ml","status":"publish","type":"product","link":"https:\/\/www.kozmodern.com\/?product=davines-oi-all-in-one-milk-135ml","title":{"rendered":"Davines Oi All In One Milk 135ml"},"content":{"rendered":"<p>Davines Oi hepsi bir arada s\u00fct \u00c7oklu etkili g\u00fczellik bak\u0131m\u0131 , t\u00fcm sa\u00e7 tipleri i\u00e7in<\/p>\n<p>\u00c7ok etkili s\u0131v\u0131 t\u00fcm sa\u00e7 tipleri i\u00e7in uygundur. Parlakl\u0131k kazand\u0131r\u0131r. Yumu\u015fakl\u0131k ve ipeksilik kazand\u0131r\u0131r. Sa\u00e7 kar\u0131\u015f\u0131kl\u0131\u011f\u0131n\u0131 kolayca \u00e7\u00f6zen m\u00fckemmel g\u00fcce sahiptir.Islak ve kuru sa\u00e7\u0131 taramay\u0131 kolayla\u015ft\u0131r\u0131r. Elektriklenmeyi \u00f6nler. M\u00fckemmel bak\u0131m etkisi sa\u011flar. Sa\u00e7\u0131 a\u011f\u0131rla\u015ft\u0131rmadan hacim sa\u011flar. Sa\u00e7\u0131 nemlendirir. Sa\u00e7\u0131n kolay kurumas\u0131n\u0131 sa\u011flar. Is\u0131n\u0131n etkilerine kar\u015f\u0131 sa\u00e7\u0131 kurur. Sa\u00e7 \u015feklinin uzun \u00f6m\u00fcrl\u00fc olmas\u0131n\u0131 sa\u011flar.<\/p>\n<p>&nbsp;<\/p>\n","protected":false},"excerpt":{"rendered":"<h3 data-start=\"437\" data-end=\"460\">Ne i\u00e7in kullan\u0131l\u0131r?<\/h3>\n<ul data-start=\"461\" data-end=\"786\">\n<li data-start=\"461\" data-end=\"500\">\n<p data-start=\"463\" data-end=\"500\">Sa\u00e7\u0131 nemlendirmek ve yumu\u015fatmak<\/p>\n<\/li>\n<li data-start=\"501\" data-end=\"549\">\n<p data-start=\"503\" data-end=\"549\">Dola\u015fmay\u0131 a\u00e7mak ve kolay tarama sa\u011flamak<\/p>\n<\/li>\n<li data-start=\"550\" data-end=\"593\">\n<p data-start=\"552\" data-end=\"593\">Elektriklenme ve kabarmay\u0131 azaltmak<\/p>\n<\/li>\n<li data-start=\"594\" data-end=\"643\">\n<p data-start=\"596\" data-end=\"643\">Sa\u00e7a parlakl\u0131k ve p\u00fcr\u00fczs\u00fczl\u00fck kazand\u0131rmak<\/p>\n<\/li>\n<li data-start=\"644\" data-end=\"688\">\n<p data-start=\"646\" data-end=\"688\">230\u00b0C\u2019ye kadar \u0131s\u0131 korumas\u0131 sa\u011flamak<\/p>\n<\/li>\n<li data-start=\"689\" data-end=\"786\">\n<p data-start=\"691\" data-end=\"786\">Sa\u00e7\u0131n daha h\u0131zl\u0131 ve kolay \u015fekil almas\u0131na yard\u0131mc\u0131 olmak<\/p>\n<\/li>\n<\/ul>\n<h3 data-start=\"788\" data-end=\"824\">Hangi sa\u00e7 tipleri i\u00e7in uygundur?<\/h3>\n<ul data-start=\"825\" data-end=\"911\">\n<li data-start=\"825\" data-end=\"844\">\n<p data-start=\"827\" data-end=\"844\">T\u00fcm sa\u00e7 tipleri<\/p>\n<\/li>\n<li data-start=\"845\" data-end=\"866\">\n<p data-start=\"847\" data-end=\"866\">\u0130nce telli sa\u00e7lar<\/p>\n<\/li>\n<li data-start=\"867\" data-end=\"884\">\n<p data-start=\"869\" data-end=\"884\">Normal sa\u00e7lar<\/p>\n<\/li>\n<li data-start=\"885\" data-end=\"911\">\n<p data-start=\"887\" data-end=\"911\">Kuru ve kabaran sa\u00e7lar<\/p>\n<\/li>\n<\/ul>\n<p data-start=\"913\" data-end=\"1059\">\u00d6zellikle ince ve orta telli sa\u00e7lar i\u00e7in ideal, ancak kal\u0131n sa\u00e7lara da nem ve yumu\u015fakl\u0131k sa\u011flayabilir.<\/p>\n<h3 data-start=\"1061\" data-end=\"1082\">Nas\u0131l kullan\u0131l\u0131r?<\/h3>\n<ol data-start=\"1083\" data-end=\"1294\">\n<li data-start=\"1083\" data-end=\"1135\">\n<p data-start=\"1086\" data-end=\"1135\">Sa\u00e7\u0131 y\u0131kad\u0131ktan sonra havluyla nemini al\u0131n.<\/p>\n<\/li>\n<li data-start=\"1136\" data-end=\"1168\">\n<p data-start=\"1139\" data-end=\"1168\">Sa\u00e7a 10-15 sprey s\u0131k\u0131n.<\/p>\n<\/li>\n<li data-start=\"1169\" data-end=\"1186\">\n<p data-start=\"1172\" data-end=\"1186\">Durulamay\u0131n.<\/p>\n<\/li>\n<li data-start=\"1187\" data-end=\"1294\">\n<p data-start=\"1190\" data-end=\"1294\">Sa\u00e7\u0131 taray\u0131p f\u00f6n \u00e7ekebilir veya do\u011fal kurumaya b\u0131rakabilirsiniz.<\/p>\n<\/li>\n<\/ol>\n<hr data-start=\"1296\" data-end=\"1299\" \/>\n<h4 data-start=\"1301\" data-end=\"1323\">\u0130\u00c7ER\u0130K<\/h4>\n<p data-start=\"1325\" data-end=\"2049\">Aqua \/ Water \/ Eau \u2014 Cetearyl Alcohol \u2014 Panthenol \u2014 Parfum \/ Fragrance \u2014 Behentrimonium Chloride \u2014 Benzyl Alcohol \u2014 Tocopherol \u2014 Cetyl Alcohol \u2014 Amodimethicone \u2014 Cetrimonium Chloride \u2014 Amodimethicone\/Silsesquioxane Copolymer \u2014 Sodium Benzoate \u2014 Trideceth-5 \u2014 Citric Acid \u2014 Glycerin \u2014 Trideceth-12 \u2014 Cyclopentasiloxane \u2014 Phenoxyethanol \u2014 Helianthus Annuus Seed Oil \u2014 Bixa Orellana Seed Extract \u2014 Hexamethylindanopyran \u2014 Eucalyptus Globulus Oil \u2014 Acetyl Cedrene \u2014 Terpineol \u2014 Citronellol \u2014 Lavandula Oil\/Extract \u2014 Geraniol \u2014 Methyl Salicylate \u2014 Alpha-Isomethyl Ionone \u2014 Camphor \u2014 Pelargonium Graveolens Flower Oil \u2014 Linalool \u2014 Linalyl Acetate \u2014 Limonene \u2014 Citrus Limon Peel Oil \u2014 Pinene<\/p>\n","protected":false},"featured_media":3633,"comment_status":"open","ping_status":"closed","template":"","meta":{"_acf_changed":false},"product_brand":[189],"product_cat":[15],"product_tag":[],"class_list":{"0":"post-3634","1":"product","2":"type-product","3":"status-publish","4":"has-post-thumbnail","6":"product_brand-davines","7":"product_cat-genel","9":"first","10":"instock","11":"shipping-taxable","12":"purchasable","13":"product-type-simple"},"acf":[],"_links":{"self":[{"href":"https:\/\/www.kozmodern.com\/index.php?rest_route=\/wp\/v2\/product\/3634","targetHints":{"allow":["GET"]}}],"collection":[{"href":"https:\/\/www.kozmodern.com\/index.php?rest_route=\/wp\/v2\/product"}],"about":[{"href":"https:\/\/www.kozmodern.com\/index.php?rest_route=\/wp\/v2\/types\/product"}],"replies":[{"embeddable":true,"href":"https:\/\/www.kozmodern.com\/index.php?rest_route=%2Fwp%2Fv2%2Fcomments&post=3634"}],"wp:featuredmedia":[{"embeddable":true,"href":"https:\/\/www.kozmodern.com\/index.php?rest_route=\/wp\/v2\/media\/3633"}],"wp:attachment":[{"href":"https:\/\/www.kozmodern.com\/index.php?rest_route=%2Fwp%2Fv2%2Fmedia&parent=3634"}],"wp:term":[{"taxonomy":"product_brand","embeddable":true,"href":"https:\/\/www.kozmodern.com\/index.php?rest_route=%2Fwp%2Fv2%2Fproduct_brand&post=3634"},{"taxonomy":"product_cat","embeddable":true,"href":"https:\/\/www.kozmodern.com\/index.php?rest_route=%2Fwp%2Fv2%2Fproduct_cat&post=3634"},{"taxonomy":"product_tag","embeddable":true,"href":"https:\/\/www.kozmodern.com\/index.php?rest_route=%2Fwp%2Fv2%2Fproduct_tag&post=3634"}],"curies":[{"name":"wp","href":"https:\/\/api.w.org\/{rel}","templated":true}]}}