{"id":3652,"date":"2026-02-02T21:43:39","date_gmt":"2026-02-02T18:43:39","guid":{"rendered":"https:\/\/www.kozmodern.com\/?product=davines-love-curl-shampoo-250-ml"},"modified":"2026-03-10T02:06:20","modified_gmt":"2026-03-09T23:06:20","slug":"davines-love-curl-shampoo-250-ml","status":"publish","type":"product","link":"https:\/\/www.kozmodern.com\/?product=davines-love-curl-shampoo-250-ml","title":{"rendered":"Davines Love Curl Shampoo 250 ml"},"content":{"rendered":"<p>Davines Love Curl Shampoo 250 ml, dalgal\u0131 ve k\u0131v\u0131rc\u0131k sa\u00e7lar i\u00e7in \u00f6zel olarak geli\u015ftirilen \u00e7evre dostu ve nemlendirici bir \u015fampuand\u0131r. Sa\u00e7\u0131 nazik\u00e7e temizler, buklelerin elastikiyetini ve yumu\u015fakl\u0131\u011f\u0131n\u0131 art\u0131r\u0131r, sa\u00e7a parlakl\u0131k, hafiflik ve hacim kazand\u0131r\u0131r.<\/p>\n","protected":false},"excerpt":{"rendered":"<h3 data-start=\"384\" data-end=\"407\">Ne i\u00e7in kullan\u0131l\u0131r?<\/h3>\n<ul data-start=\"408\" data-end=\"703\">\n<li data-start=\"408\" data-end=\"439\">\n<p data-start=\"410\" data-end=\"439\">Sa\u00e7\u0131 nazik\u00e7e temizlemek<\/p>\n<\/li>\n<li data-start=\"440\" data-end=\"495\">\n<p data-start=\"442\" data-end=\"495\">K\u0131v\u0131rc\u0131k ve dalgal\u0131 bukleleri belirginle\u015ftirmek<\/p>\n<\/li>\n<li data-start=\"496\" data-end=\"535\">\n<p data-start=\"498\" data-end=\"535\">Sa\u00e7ta nem ve parlakl\u0131k sa\u011flamak<\/p>\n<\/li>\n<li data-start=\"536\" data-end=\"603\">\n<p data-start=\"538\" data-end=\"603\">Buklelerin daha elastik ve hacimli g\u00f6r\u00fcnmesine destek olmak<\/p>\n<\/li>\n<li data-start=\"604\" data-end=\"703\">\n<p data-start=\"606\" data-end=\"703\">Sa\u00e7\u0131n daha yumu\u015fak, hafif ve canl\u0131 g\u00f6r\u00fcnmesini sa\u011flamak<\/p>\n<\/li>\n<\/ul>\n<h3 data-start=\"710\" data-end=\"746\"><\/h3>\n<h3 data-start=\"710\" data-end=\"746\">Hangi sa\u00e7 tipleri i\u00e7in uygundur?<\/h3>\n<ul data-start=\"747\" data-end=\"967\">\n<li data-start=\"747\" data-end=\"778\">\n<p data-start=\"749\" data-end=\"778\">K\u0131v\u0131rc\u0131k (curly) sa\u00e7lar<\/p>\n<\/li>\n<li data-start=\"779\" data-end=\"808\">\n<p data-start=\"781\" data-end=\"808\">Dalgal\u0131 (wavy) sa\u00e7lar<\/p>\n<\/li>\n<li data-start=\"809\" data-end=\"852\">\n<p data-start=\"811\" data-end=\"852\">Elektriklenme ve kabarma ya\u015fayan sa\u00e7lar<\/p>\n<\/li>\n<li data-start=\"853\" data-end=\"888\">\n<p data-start=\"855\" data-end=\"888\">Kuru \/ nem ihtiyac\u0131 olan sa\u00e7lar<\/p>\n<\/li>\n<li data-start=\"889\" data-end=\"967\">\n<p data-start=\"891\" data-end=\"967\">Bukle tan\u0131m\u0131n\u0131 g\u00fc\u00e7lendirmek isteyenler<\/p>\n<\/li>\n<\/ul>\n<h3 data-start=\"974\" data-end=\"995\">Nas\u0131l kullan\u0131l\u0131r?<\/h3>\n<ol data-start=\"996\" data-end=\"1299\">\n<li data-start=\"996\" data-end=\"1043\">\n<p data-start=\"999\" data-end=\"1043\">Islak sa\u00e7a k\u00fc\u00e7\u00fck bir miktar uygulay\u0131n.<\/p>\n<\/li>\n<li data-start=\"1044\" data-end=\"1093\">\n<p data-start=\"1047\" data-end=\"1093\">Sa\u00e7 derisine nazik\u00e7e masaj yaparak k\u00f6p\u00fcrt\u00fcn.<\/p>\n<\/li>\n<li data-start=\"1094\" data-end=\"1127\">\n<p data-start=\"1097\" data-end=\"1127\">Sa\u00e7 boy ve u\u00e7lar\u0131na yedirin.<\/p>\n<\/li>\n<li data-start=\"1128\" data-end=\"1153\">\n<p data-start=\"1131\" data-end=\"1153\">\u0130yice durulay\u0131n.<\/p>\n<\/li>\n<li data-start=\"1154\" data-end=\"1190\">\n<p data-start=\"1157\" data-end=\"1190\">Gerekirse tekrar uygulay\u0131n.<\/p>\n<\/li>\n<li data-start=\"1191\" data-end=\"1299\">\n<p data-start=\"1194\" data-end=\"1299\">Ard\u0131ndan ayn\u0131 serinin Conditioner\/cream\/\u00fcr\u00fcnleriyle devam edin.<\/p>\n<\/li>\n<\/ol>\n<h4 data-start=\"1306\" data-end=\"1328\">\u0130\u00c7ER\u0130K:<\/h4>\n<p data-start=\"1330\" data-end=\"2077\">Aqua \/ Water \u2014 Sodium Lauroyl Methyl Isethionate \u2014 Cocamidopropyl Betaine \u2014 Glycerin \u2014 Sodium Lauryl Sulfoacetate \u2014 Disodium Cocoamphodiacetate \u2014 Decyl Glucoside \u2014 Sodium Cocoyl Glycinate \u2014 Sodium Chloride \u2014 Polysorbate 20 \u2014 Parfum \/ Fragrance \u2014 Benzyl Alcohol \u2014 Sodium Methyl 2\u2011Sulfolaurate \u2014 Polyquaternium\u201170 \u2014 Acrylates\/C10\u201130 Alkyl Acrylate Crosspolymer \u2014 Sodium Benzoate \u2014 Disodium 2\u2011Sulfolaurate \u2014 Polyquaternium\u20117 \u2014 Polyquaternium\u201110 \u2014 Trisodium Ethylenediamine Disuccinate \u2014 Glycol Distearate \u2014 Dipropylene Glycol \u2014 Prunus Amygdalus Dulcis (Sweet Almond) Seed Extract \u2014 Tetrasodium Glutamate Diacetate \u2014 Coco\u2011Glucoside \u2014 Sodium Hydroxide \u2014 Glyceryl Oleate \u2014 Glyceryl Stearate \u2014 Limonene \u2014 Citric Acid<\/p>\n","protected":false},"featured_media":3651,"comment_status":"open","ping_status":"closed","template":"","meta":{"_acf_changed":false},"product_brand":[189],"product_cat":[15],"product_tag":[193],"class_list":{"0":"post-3652","1":"product","2":"type-product","3":"status-publish","4":"has-post-thumbnail","6":"product_brand-davines","7":"product_cat-genel","8":"product_tag-kivircik-saclar","10":"first","11":"instock","12":"shipping-taxable","13":"purchasable","14":"product-type-simple"},"acf":[],"_links":{"self":[{"href":"https:\/\/www.kozmodern.com\/index.php?rest_route=\/wp\/v2\/product\/3652","targetHints":{"allow":["GET"]}}],"collection":[{"href":"https:\/\/www.kozmodern.com\/index.php?rest_route=\/wp\/v2\/product"}],"about":[{"href":"https:\/\/www.kozmodern.com\/index.php?rest_route=\/wp\/v2\/types\/product"}],"replies":[{"embeddable":true,"href":"https:\/\/www.kozmodern.com\/index.php?rest_route=%2Fwp%2Fv2%2Fcomments&post=3652"}],"wp:featuredmedia":[{"embeddable":true,"href":"https:\/\/www.kozmodern.com\/index.php?rest_route=\/wp\/v2\/media\/3651"}],"wp:attachment":[{"href":"https:\/\/www.kozmodern.com\/index.php?rest_route=%2Fwp%2Fv2%2Fmedia&parent=3652"}],"wp:term":[{"taxonomy":"product_brand","embeddable":true,"href":"https:\/\/www.kozmodern.com\/index.php?rest_route=%2Fwp%2Fv2%2Fproduct_brand&post=3652"},{"taxonomy":"product_cat","embeddable":true,"href":"https:\/\/www.kozmodern.com\/index.php?rest_route=%2Fwp%2Fv2%2Fproduct_cat&post=3652"},{"taxonomy":"product_tag","embeddable":true,"href":"https:\/\/www.kozmodern.com\/index.php?rest_route=%2Fwp%2Fv2%2Fproduct_tag&post=3652"}],"curies":[{"name":"wp","href":"https:\/\/api.w.org\/{rel}","templated":true}]}}