{"id":3710,"date":"2026-02-02T21:44:14","date_gmt":"2026-02-02T18:44:14","guid":{"rendered":"https:\/\/www.kozmodern.com\/?product=schwarzkopf-osis-mighty-matte-guclu-tutucu-mat-wax-100-ml"},"modified":"2026-03-12T03:59:11","modified_gmt":"2026-03-12T00:59:11","slug":"schwarzkopf-osis-mighty-matte-guclu-tutucu-mat-wax-100-ml","status":"publish","type":"product","link":"https:\/\/www.kozmodern.com\/?product=schwarzkopf-osis-mighty-matte-guclu-tutucu-mat-wax-100-ml","title":{"rendered":"Schwarzkopf Osis Mighty Matte G\u00fc\u00e7l\u00fc Tutucu Mat Wax 100 ml"},"content":{"rendered":"<h4 data-start=\"0\" data-end=\"55\"><strong data-start=\"3\" data-end=\"53\"><span class=\"inline align-baseline\"><span class=\"whitespace-normal\"><span class=\"hover:entity-accent entity-underline cursor-pointer\">Osis Mighty Matte G\u00fc\u00e7l\u00fc Tutucu Mat Wax<\/span><\/span><\/span> (100\u202fml)<\/strong><\/h4>\n<h3 data-start=\"57\" data-end=\"82\"><strong data-start=\"61\" data-end=\"82\">Ne i\u015fe yarar?<\/strong><\/h3>\n<ul data-start=\"83\" data-end=\"419\">\n<li data-start=\"83\" data-end=\"164\">\n<p data-start=\"85\" data-end=\"164\">Sa\u00e7ta g\u00fc\u00e7l\u00fc tutu\u015f sa\u011flayan mat finishli bir \u015fekillendirici wax\/cr\u00e8me\u2019tir.<\/p>\n<\/li>\n<li data-start=\"165\" data-end=\"232\">\n<p data-start=\"167\" data-end=\"232\">Sa\u00e7a yo\u011fun doku, ayr\u0131 bukleler ve belirgin stil kazand\u0131r\u0131r.<\/p>\n<\/li>\n<li data-start=\"233\" data-end=\"311\">\n<p data-start=\"235\" data-end=\"311\">Mat (parlamayan) bir g\u00f6r\u00fcn\u00fcm ile do\u011fal ama belirgin stil imkan\u0131 verir.<\/p>\n<\/li>\n<li data-start=\"312\" data-end=\"419\">\n<p data-start=\"314\" data-end=\"419\">Sa\u00e7\u0131 \u00e7ok sertle\u015ftirmeden kontroll\u00fc ve uzun s\u00fcreli tutu\u015f sa\u011flar.<\/p>\n<\/li>\n<\/ul>\n","protected":false},"excerpt":{"rendered":"<h3 data-start=\"426\" data-end=\"457\">Ne i\u00e7in kullan\u0131l\u0131r?<\/h3>\n<ul data-start=\"458\" data-end=\"797\">\n<li data-start=\"458\" data-end=\"537\">\n<p data-start=\"460\" data-end=\"537\">K\u0131sa \u2013 orta uzunluktaki sa\u00e7larda \u015fekil olu\u015fturmak, tutu\u015f sa\u011flamak i\u00e7in.<\/p>\n<\/li>\n<li data-start=\"538\" data-end=\"594\">\n<p data-start=\"540\" data-end=\"594\">Doku, tan\u0131m ve ayr\u0131 sa\u00e7 telleri olu\u015fturmak i\u00e7in.<\/p>\n<\/li>\n<li data-start=\"595\" data-end=\"687\">\n<p data-start=\"597\" data-end=\"687\">Daha <em data-start=\"602\" data-end=\"620\">mat, hafif do\u011fal<\/em> bir stil isteyen erkek ve kad\u0131n sa\u00e7 modellerinde kullan\u0131labilir.<\/p>\n<\/li>\n<li data-start=\"688\" data-end=\"797\">\n<p data-start=\"690\" data-end=\"797\">\u00d6zellikle k\u0131sa kesimler ve belirgin dokulu stiller i\u00e7in uygundur.<\/p>\n<\/li>\n<\/ul>\n<h3 data-start=\"804\" data-end=\"848\">Hangi sa\u00e7 tipleri i\u00e7in uygundur?<\/h3>\n<ul data-start=\"849\" data-end=\"1109\">\n<li data-start=\"849\" data-end=\"903\">\n<p data-start=\"851\" data-end=\"903\">T\u00fcm sa\u00e7 tipleri (\u00f6zellikle k\u0131sa\u2011orta uzunluk).<\/p>\n<\/li>\n<li data-start=\"904\" data-end=\"959\">\n<p data-start=\"906\" data-end=\"959\">\u0130nce telli sa\u00e7larda hafif hacim + doku art\u0131rma.<\/p>\n<\/li>\n<li data-start=\"960\" data-end=\"1015\">\n<p data-start=\"962\" data-end=\"1015\">Kal\u0131n telli sa\u00e7larda tutu\u015f ve kontrol isteyene.<\/p>\n<\/li>\n<li data-start=\"1016\" data-end=\"1109\">\n<p data-start=\"1018\" data-end=\"1109\">\u00d6zellikle mat ve doku odakl\u0131 modeller i\u00e7in ideal.<\/p>\n<\/li>\n<\/ul>\n<h3 data-start=\"1116\" data-end=\"1145\">Nas\u0131l kullan\u0131l\u0131r?<\/h3>\n<ol data-start=\"1146\" data-end=\"1511\">\n<li data-start=\"1146\" data-end=\"1206\">\n<p data-start=\"1149\" data-end=\"1206\">Kuru sa\u00e7a uygulay\u0131n (en iyi sonu\u00e7 kuru sa\u00e7ta olur).<\/p>\n<\/li>\n<li data-start=\"1207\" data-end=\"1248\">\n<p data-start=\"1210\" data-end=\"1248\">Az miktar \u00fcr\u00fcn\u00fc avu\u00e7 i\u00e7ine al\u0131n.<\/p>\n<\/li>\n<li data-start=\"1249\" data-end=\"1333\">\n<p data-start=\"1252\" data-end=\"1333\">Parmaklar\u0131n\u0131zla \u00fcr\u00fcn\u00fcn \u0131s\u0131t\u0131lmas\u0131n\u0131 sa\u011flay\u0131p sa\u00e7\u0131n\u0131za e\u015fit \u015fekilde da\u011f\u0131t\u0131n.<\/p>\n<\/li>\n<li data-start=\"1334\" data-end=\"1382\">\n<p data-start=\"1337\" data-end=\"1382\">Sa\u00e7a y\u00f6n ve doku vererek \u015fekillendirin.<\/p>\n<\/li>\n<li data-start=\"1383\" data-end=\"1511\">\n<p data-start=\"1386\" data-end=\"1511\">\u0130sterseniz par\u00e7a par\u00e7a ekstra doku vermek i\u00e7in az miktar ek \u00fcr\u00fcn kullanabilirsiniz.<\/p>\n<\/li>\n<\/ol>\n<h3 data-start=\"1518\" data-end=\"1584\"><strong data-start=\"1524\" data-end=\"1582\">\u0130\u00e7indekiler:<\/strong><\/h3>\n<p>Aqua \/ Water \/ Eau, Cera Carnauba (Copernicia Cerifera (Carnauba) Wax), Cera Alba (Beeswax), Cetyl Ethylhexanoate, Propylene Glycol, VP\/VA Copolymer, Steareth\u201121, Steareth\u20112, Parfum (Fragrance), PPG\u20115\u2011Ceteth\u201120, Sorbitan Caprylate, Oryza Sativa (Rice) Bran Wax, Phenoxyethanol, Benzyl Alcohol, Stearic Acid, Palmitic Acid, Hydrogenated Coconut Oil, Aminomethyl Propanol, Hydroxystearic Acid, Acrylates\/C10\u201130 Alkyl Acrylate Crosspolymer, Linalool, Ethylhexylglycerin, Limonene, Citral, Benzoic Acid, Alpha\u2011Isomethyl Ionone, Methyl Benzoate, Ethyl Benzoate, CI 42090 (Blue 1).<\/p>\n","protected":false},"featured_media":3709,"comment_status":"open","ping_status":"closed","template":"","meta":{"_acf_changed":false},"product_brand":[231,191],"product_cat":[15],"product_tag":[229,228,183,230],"class_list":{"0":"post-3710","1":"product","2":"type-product","3":"status-publish","4":"has-post-thumbnail","6":"product_brand-osis","7":"product_brand-schwarzkopf","8":"product_cat-genel","9":"product_tag-229","10":"product_tag-sekillendirme","11":"product_tag-tum-sac-tipleri","12":"product_tag-wax","14":"first","15":"instock","16":"shipping-taxable","17":"purchasable","18":"product-type-simple"},"acf":[],"_links":{"self":[{"href":"https:\/\/www.kozmodern.com\/index.php?rest_route=\/wp\/v2\/product\/3710","targetHints":{"allow":["GET"]}}],"collection":[{"href":"https:\/\/www.kozmodern.com\/index.php?rest_route=\/wp\/v2\/product"}],"about":[{"href":"https:\/\/www.kozmodern.com\/index.php?rest_route=\/wp\/v2\/types\/product"}],"replies":[{"embeddable":true,"href":"https:\/\/www.kozmodern.com\/index.php?rest_route=%2Fwp%2Fv2%2Fcomments&post=3710"}],"wp:featuredmedia":[{"embeddable":true,"href":"https:\/\/www.kozmodern.com\/index.php?rest_route=\/wp\/v2\/media\/3709"}],"wp:attachment":[{"href":"https:\/\/www.kozmodern.com\/index.php?rest_route=%2Fwp%2Fv2%2Fmedia&parent=3710"}],"wp:term":[{"taxonomy":"product_brand","embeddable":true,"href":"https:\/\/www.kozmodern.com\/index.php?rest_route=%2Fwp%2Fv2%2Fproduct_brand&post=3710"},{"taxonomy":"product_cat","embeddable":true,"href":"https:\/\/www.kozmodern.com\/index.php?rest_route=%2Fwp%2Fv2%2Fproduct_cat&post=3710"},{"taxonomy":"product_tag","embeddable":true,"href":"https:\/\/www.kozmodern.com\/index.php?rest_route=%2Fwp%2Fv2%2Fproduct_tag&post=3710"}],"curies":[{"name":"wp","href":"https:\/\/api.w.org\/{rel}","templated":true}]}}