{"id":3822,"date":"2026-02-02T21:46:13","date_gmt":"2026-02-02T18:46:13","guid":{"rendered":"https:\/\/www.kozmodern.com\/?product=schwarzkopf-silhouette-super-tutucu-kopuk-500ml-500ml"},"modified":"2026-04-03T18:52:05","modified_gmt":"2026-04-03T15:52:05","slug":"schwarzkopf-silhouette-super-tutucu-kopuk-500ml-500ml","status":"publish","type":"product","link":"https:\/\/www.kozmodern.com\/?product=schwarzkopf-silhouette-super-tutucu-kopuk-500ml-500ml","title":{"rendered":"SCHWARZKOPF Silhouette S\u00fcper Tutucu K\u00f6p\u00fck 500ml"},"content":{"rendered":"<h3 data-section-id=\"1fxjv0p\" data-start=\"109\" data-end=\"133\"><strong data-start=\"116\" data-end=\"133\">Ne i\u015fe yarar?<\/strong><\/h3>\n<p data-start=\"134\" data-end=\"387\">Bu \u00fcr\u00fcn, sa\u00e7a y\u00fcksek seviyede tutuculuk ve hacim kazand\u0131ran profesyonel bir \u015fekillendirici k\u00f6p\u00fckt\u00fcr. Sa\u00e7 telinde mikro ince bir film olu\u015fturarak \u015feklin uzun s\u00fcre korunmas\u0131n\u0131 sa\u011flar ve parlak bir g\u00f6r\u00fcn\u00fcm verir.<\/p>\n","protected":false},"excerpt":{"rendered":"<h3 data-section-id=\"1i95a5j\" data-start=\"394\" data-end=\"424\"><strong data-start=\"401\" data-end=\"424\">Ne i\u00e7in kullan\u0131l\u0131r?<\/strong><\/h3>\n<ul data-start=\"425\" data-end=\"711\">\n<li data-section-id=\"1akm264\" data-start=\"425\" data-end=\"472\">\n<p data-start=\"427\" data-end=\"472\">Sa\u00e7a g\u00fc\u00e7l\u00fc ve uzun s\u00fcre kal\u0131c\u0131 \u015fekil vermek<\/p>\n<\/li>\n<li data-section-id=\"8z6vm6\" data-start=\"473\" data-end=\"525\">\n<p data-start=\"475\" data-end=\"525\">Hacim olu\u015fturmak (\u00f6zellikle ince telli sa\u00e7larda)<\/p>\n<\/li>\n<li data-section-id=\"1v17g96\" data-start=\"526\" data-end=\"573\">\n<p data-start=\"528\" data-end=\"573\">F\u00f6n ve \u015fekillendirme \u00f6ncesi destek sa\u011flamak<\/p>\n<\/li>\n<li data-section-id=\"ti7run\" data-start=\"574\" data-end=\"630\">\n<p data-start=\"576\" data-end=\"630\">Sa\u00e7 modelinin g\u00fcn boyu bozulmadan kalmas\u0131n\u0131 sa\u011flamak<\/p>\n<\/li>\n<li data-section-id=\"1xak97d\" data-start=\"631\" data-end=\"711\">\n<p data-start=\"633\" data-end=\"711\">Sa\u00e7a parlakl\u0131k ve canl\u0131l\u0131k kazand\u0131rmak<\/p>\n<\/li>\n<\/ul>\n<h3 data-section-id=\"19u8gew\" data-start=\"718\" data-end=\"759\"><strong data-start=\"728\" data-end=\"759\">Hangi sa\u00e7lar i\u00e7in uygundur?<\/strong><\/h3>\n<ul data-start=\"760\" data-end=\"918\">\n<li data-section-id=\"1xj21nr\" data-start=\"760\" data-end=\"779\">\n<p data-start=\"762\" data-end=\"779\">T\u00fcm sa\u00e7 tipleri<\/p>\n<\/li>\n<li data-section-id=\"f72q1a\" data-start=\"780\" data-end=\"829\">\u00d6zellikle hacim isteyen ince telli sa\u00e7lar<\/li>\n<li data-section-id=\"vsrx81\" data-start=\"830\" data-end=\"876\">\n<p data-start=\"832\" data-end=\"876\">Dalga ve bukle belirginli\u011fi isteyen sa\u00e7lar<\/p>\n<\/li>\n<li data-section-id=\"1mtnfty\" data-start=\"877\" data-end=\"918\">\n<p data-start=\"879\" data-end=\"918\">Uzun s\u00fcre kal\u0131c\u0131 \u015fekil isteyen sa\u00e7lar<\/p>\n<\/li>\n<\/ul>\n<h3 data-section-id=\"1enax1m\" data-start=\"925\" data-end=\"964\"><strong data-start=\"932\" data-end=\"964\">Nas\u0131l uygulan\u0131r?<\/strong><\/h3>\n<ol data-start=\"965\" data-end=\"1275\">\n<li data-section-id=\"1fftqx4\" data-start=\"965\" data-end=\"1010\">\n<p data-start=\"968\" data-end=\"1010\">\u00dcr\u00fcn\u00fc kullanmadan \u00f6nce iyice \u00e7alkalay\u0131n.<\/p>\n<\/li>\n<li data-section-id=\"wnlk1o\" data-start=\"1011\" data-end=\"1054\">\n<p data-start=\"1014\" data-end=\"1054\">Avucunuza yeterli miktarda k\u00f6p\u00fck al\u0131n.<\/p>\n<\/li>\n<li data-section-id=\"1b86mim\" data-start=\"1055\" data-end=\"1103\">\n<p data-start=\"1058\" data-end=\"1103\">Nemli sa\u00e7a (havluyla kurulanm\u0131\u015f) uygulay\u0131n.<\/p>\n<\/li>\n<li data-section-id=\"1i58y3g\" data-start=\"1104\" data-end=\"1162\">\n<p data-start=\"1107\" data-end=\"1162\">Sa\u00e7\u0131n tamam\u0131na veya \u00f6zellikle dip ve boylara da\u011f\u0131t\u0131n.<\/p>\n<\/li>\n<li data-section-id=\"1384gpd\" data-start=\"1163\" data-end=\"1213\">\n<p data-start=\"1166\" data-end=\"1213\">F\u00f6n, ma\u015fa veya do\u011fal kurutma ile \u015fekil verin.<\/p>\n<\/li>\n<li data-section-id=\"r7ik4b\" data-start=\"1214\" data-end=\"1275\">\n<p data-start=\"1217\" data-end=\"1275\">Durulama yapmay\u0131n.<\/p>\n<\/li>\n<\/ol>\n<h3 data-section-id=\"1nbyk79\" data-start=\"1282\" data-end=\"1338\"><strong data-start=\"1289\" data-end=\"1336\">\u0130\u00e7erik:<\/strong><\/h3>\n<p data-start=\"1339\" data-end=\"1606\">Aqua, Butane, Propane, VP\/VA Copolymer, Propylene Glycol, Sodium Benzoate, Cetrimonium Chloride, PEG-40 Hydrogenated Castor Oil, Polyquaternium-11, Panthenol, Parfum, Lactic Acid, Phenoxyethanol, Benzyl Alcohol, Methyl Benzoate<\/p>\n","protected":false},"featured_media":3821,"comment_status":"open","ping_status":"closed","template":"","meta":{"_acf_changed":false},"product_brand":[191],"product_cat":[15],"product_tag":[287,193,238,228],"class_list":{"0":"post-3822","1":"product","2":"type-product","3":"status-publish","4":"has-post-thumbnail","6":"product_brand-schwarzkopf","7":"product_cat-genel","8":"product_tag-287","9":"product_tag-kivircik-saclar","10":"product_tag-kopuk","11":"product_tag-sekillendirme","13":"first","14":"instock","15":"shipping-taxable","16":"purchasable","17":"product-type-simple"},"acf":[],"_links":{"self":[{"href":"https:\/\/www.kozmodern.com\/index.php?rest_route=\/wp\/v2\/product\/3822","targetHints":{"allow":["GET"]}}],"collection":[{"href":"https:\/\/www.kozmodern.com\/index.php?rest_route=\/wp\/v2\/product"}],"about":[{"href":"https:\/\/www.kozmodern.com\/index.php?rest_route=\/wp\/v2\/types\/product"}],"replies":[{"embeddable":true,"href":"https:\/\/www.kozmodern.com\/index.php?rest_route=%2Fwp%2Fv2%2Fcomments&post=3822"}],"wp:featuredmedia":[{"embeddable":true,"href":"https:\/\/www.kozmodern.com\/index.php?rest_route=\/wp\/v2\/media\/3821"}],"wp:attachment":[{"href":"https:\/\/www.kozmodern.com\/index.php?rest_route=%2Fwp%2Fv2%2Fmedia&parent=3822"}],"wp:term":[{"taxonomy":"product_brand","embeddable":true,"href":"https:\/\/www.kozmodern.com\/index.php?rest_route=%2Fwp%2Fv2%2Fproduct_brand&post=3822"},{"taxonomy":"product_cat","embeddable":true,"href":"https:\/\/www.kozmodern.com\/index.php?rest_route=%2Fwp%2Fv2%2Fproduct_cat&post=3822"},{"taxonomy":"product_tag","embeddable":true,"href":"https:\/\/www.kozmodern.com\/index.php?rest_route=%2Fwp%2Fv2%2Fproduct_tag&post=3822"}],"curies":[{"name":"wp","href":"https:\/\/api.w.org\/{rel}","templated":true}]}}