{"id":4092,"date":"2026-03-01T22:17:29","date_gmt":"2026-03-01T19:17:29","guid":{"rendered":"https:\/\/www.kozmodern.com\/?product=kerastase-chroma-absolu-boyali-saclar-icin-maske-200-ml"},"modified":"2026-04-17T17:19:30","modified_gmt":"2026-04-17T14:19:30","slug":"kerastase-chroma-absolu-boyali-saclar-icin-maske-200-ml","status":"publish","type":"product","link":"https:\/\/www.kozmodern.com\/?product=kerastase-chroma-absolu-boyali-saclar-icin-maske-200-ml","title":{"rendered":"Kerastase Chroma Absolu Boyal\u0131 Sa\u00e7lar \u0130\u00e7in Maske 200 ml"},"content":{"rendered":"<h3 data-section-id=\"l2wp7s\" data-start=\"50\" data-end=\"71\">Ne i\u00e7in kullan\u0131l\u0131r<\/h3>\n<ul data-start=\"72\" data-end=\"312\">\n<li data-section-id=\"boifoh\" data-start=\"72\" data-end=\"107\">Boyal\u0131 sa\u00e7lar\u0131n rengini korumak<\/li>\n<li data-section-id=\"qfrhgp\" data-start=\"108\" data-end=\"159\">Sa\u00e7 tellerini derinlemesine beslemek ve onarmak<\/li>\n<li data-section-id=\"1f86uzw\" data-start=\"160\" data-end=\"217\">Sa\u00e7\u0131n daha parlak, yumu\u015fak ve g\u00fc\u00e7l\u00fc olmas\u0131n\u0131 sa\u011flamak<\/li>\n<li data-section-id=\"w3oxz9\" data-start=\"218\" data-end=\"312\">Sa\u00e7 g\u00f6zeneklili\u011fini azaltarak renk solmas\u0131n\u0131 \u00f6nlemek<\/li>\n<\/ul>\n<h2 data-section-id=\"1pl186j\" data-start=\"314\" data-end=\"337\"><\/h2>\n","protected":false},"excerpt":{"rendered":"<h3 data-section-id=\"1pl186j\" data-start=\"314\" data-end=\"337\">Kimler i\u00e7in uygundur<\/h3>\n<ul data-start=\"338\" data-end=\"498\">\n<li data-section-id=\"12rjj6y\" data-start=\"338\" data-end=\"355\">Boyal\u0131 sa\u00e7lar<\/li>\n<li data-section-id=\"1k9zhdg\" data-start=\"356\" data-end=\"388\">Kimyasal i\u015flem g\u00f6rm\u00fc\u015f sa\u00e7lar<\/li>\n<li data-section-id=\"1oxvpgs\" data-start=\"389\" data-end=\"419\">Y\u0131pranm\u0131\u015f ve hassas sa\u00e7lar<\/li>\n<li data-section-id=\"d569on\" data-start=\"420\" data-end=\"498\">\u00d6zellikle orta ve kal\u0131n telli sa\u00e7lar<\/li>\n<\/ul>\n<h3 data-section-id=\"1mdg10r\" data-start=\"500\" data-end=\"519\">Nas\u0131l kullan\u0131l\u0131r<\/h3>\n<ul data-start=\"520\" data-end=\"683\">\n<li data-section-id=\"18scjga\" data-start=\"520\" data-end=\"560\">\u015eampuan sonras\u0131 nemli sa\u00e7a uygulan\u0131r<\/li>\n<li data-section-id=\"fjz7ft\" data-start=\"561\" data-end=\"594\">Sa\u00e7\u0131n boy ve u\u00e7lar\u0131na yay\u0131l\u0131r<\/li>\n<li data-section-id=\"10d9bun\" data-start=\"595\" data-end=\"620\">3\u20135 dakika bekletilir<\/li>\n<li data-section-id=\"2268g4\" data-start=\"621\" data-end=\"683\">Bol su ile durulan\u0131r<\/li>\n<\/ul>\n<h3>\u0130\u00e7erik:<\/h3>\n<div class=\"flex flex-col text-sm pb-25\">\n<section class=\"text-token-text-primary w-full focus:outline-none [--shadow-height:45px] has-data-writing-block:pointer-events-none has-data-writing-block:-mt-(--shadow-height) has-data-writing-block:pt-(--shadow-height) [&amp;:has([data-writing-block])&gt;*]:pointer-events-auto scroll-mt-[calc(var(--header-height)+min(200px,max(70px,20svh)))]\" dir=\"auto\" data-turn-id=\"request-WEB:194c6895-0b29-44e3-b928-567bd4924e4b-2\" data-testid=\"conversation-turn-4\" data-scroll-anchor=\"true\" data-turn=\"assistant\">\n<div class=\"text-base my-auto mx-auto pb-10 [--thread-content-margin:var(--thread-content-margin-xs,calc(var(--spacing)*4))] @w-sm\/main:[--thread-content-margin:var(--thread-content-margin-sm,calc(var(--spacing)*6))] @w-lg\/main:[--thread-content-margin:var(--thread-content-margin-lg,calc(var(--spacing)*16))] px-(--thread-content-margin)\">\n<div class=\"[--thread-content-max-width:40rem] @w-lg\/main:[--thread-content-max-width:48rem] mx-auto max-w-(--thread-content-max-width) flex-1 group\/turn-messages focus-visible:outline-hidden relative flex w-full min-w-0 flex-col agent-turn\">\n<div class=\"flex max-w-full flex-col gap-4 grow\">\n<div class=\"min-h-8 text-message relative flex w-full flex-col items-end gap-2 text-start break-words whitespace-normal outline-none keyboard-focused:focus-ring [.text-message+&amp;]:mt-1\" dir=\"auto\" tabindex=\"0\" data-message-author-role=\"assistant\" data-message-id=\"5d8631b1-d00a-43e6-bfcd-a0fbbd3e6352\" data-message-model-slug=\"gpt-5-3\" data-turn-start-message=\"true\">\n<div class=\"flex w-full flex-col gap-1 empty:hidden\">\n<div class=\"markdown prose dark:prose-invert w-full wrap-break-word light markdown-new-styling\">\n<p data-start=\"29\" data-end=\"403\" data-is-last-node=\"\" data-is-only-node=\"\">Aqua, Cetearyl Alcohol, Amodimethicone, Behentrimonium Chloride, Cetyl Esters, Isopropyl Alcohol, PEG\/PPG\/Polybutylene Glycol-8\/5\/3, Glycerin, Trideceth-6, Phenoxyethanol, Arginine, Citric Acid, Cetrimonium Chloride, Chlorhexidine Dihydrochloride, Linalool, Limonene, Sodium Hyaluronate, Centella Asiatica Extract, Lactic Acid, CI 17200 (Red 33), CI 19140 (Yellow 5), Parfum<\/p>\n<\/div>\n<\/div>\n<\/div>\n<\/div>\n<div class=\"z-0 flex min-h-[46px] justify-start\"><\/div>\n<\/div>\n<\/div>\n<\/section>\n<\/div>\n<div class=\"pointer-events-none h-px w-px absolute bottom-0\" aria-hidden=\"true\" data-edge=\"true\"><\/div>\n","protected":false},"featured_media":4091,"comment_status":"open","ping_status":"closed","template":"","meta":{"_acf_changed":false},"product_brand":[171],"product_cat":[374],"product_tag":[354],"class_list":{"0":"post-4092","1":"product","2":"type-product","3":"status-publish","4":"has-post-thumbnail","6":"product_brand-kerastase","7":"product_cat-sac-maskesi-2","8":"product_tag-kerastase","10":"first","11":"outofstock","12":"shipping-taxable","13":"purchasable","14":"product-type-simple"},"acf":[],"_links":{"self":[{"href":"https:\/\/www.kozmodern.com\/index.php?rest_route=\/wp\/v2\/product\/4092","targetHints":{"allow":["GET"]}}],"collection":[{"href":"https:\/\/www.kozmodern.com\/index.php?rest_route=\/wp\/v2\/product"}],"about":[{"href":"https:\/\/www.kozmodern.com\/index.php?rest_route=\/wp\/v2\/types\/product"}],"replies":[{"embeddable":true,"href":"https:\/\/www.kozmodern.com\/index.php?rest_route=%2Fwp%2Fv2%2Fcomments&post=4092"}],"wp:featuredmedia":[{"embeddable":true,"href":"https:\/\/www.kozmodern.com\/index.php?rest_route=\/wp\/v2\/media\/4091"}],"wp:attachment":[{"href":"https:\/\/www.kozmodern.com\/index.php?rest_route=%2Fwp%2Fv2%2Fmedia&parent=4092"}],"wp:term":[{"taxonomy":"product_brand","embeddable":true,"href":"https:\/\/www.kozmodern.com\/index.php?rest_route=%2Fwp%2Fv2%2Fproduct_brand&post=4092"},{"taxonomy":"product_cat","embeddable":true,"href":"https:\/\/www.kozmodern.com\/index.php?rest_route=%2Fwp%2Fv2%2Fproduct_cat&post=4092"},{"taxonomy":"product_tag","embeddable":true,"href":"https:\/\/www.kozmodern.com\/index.php?rest_route=%2Fwp%2Fv2%2Fproduct_tag&post=4092"}],"curies":[{"name":"wp","href":"https:\/\/api.w.org\/{rel}","templated":true}]}}