{"id":4192,"date":"2026-03-01T22:17:36","date_gmt":"2026-03-01T19:17:36","guid":{"rendered":"https:\/\/www.kozmodern.com\/?product=kerastase-symbiose-yogun-kepek-karsiti-hucresel-gece-serumu-90-ml"},"modified":"2026-04-17T15:30:06","modified_gmt":"2026-04-17T12:30:06","slug":"kerastase-symbiose-yogun-kepek-karsiti-hucresel-gece-serumu-90-ml","status":"publish","type":"product","link":"https:\/\/www.kozmodern.com\/?product=kerastase-symbiose-yogun-kepek-karsiti-hucresel-gece-serumu-90-ml","title":{"rendered":"Kerastase Symbiose Yo\u011fun Kepek Kar\u015f\u0131t\u0131 H\u00fccresel Gece Serumu 90 ml"},"content":{"rendered":"<h3 data-section-id=\"4hpznb\" data-start=\"51\" data-end=\"76\">Kimler i\u00e7in uygundur?<\/h3>\n<ul data-start=\"77\" data-end=\"306\">\n<li data-section-id=\"1pb8x6x\" data-start=\"77\" data-end=\"137\">Kepe\u011fe e\u011filimli veya kepek sorunu ya\u015fayan sa\u00e7 derisi<\/li>\n<li data-section-id=\"19uwifr\" data-start=\"138\" data-end=\"173\">Tahri\u015f olmu\u015f, hassas sa\u00e7 derisi<\/li>\n<li data-section-id=\"1v6vj26\" data-start=\"174\" data-end=\"220\">Ya\u011fl\u0131 veya kuru tipte kepek ya\u015fayan herkes<\/li>\n<li data-section-id=\"c77uay\" data-start=\"221\" data-end=\"306\">Kepe\u011fin yeniden olu\u015fmas\u0131n\u0131 \u00f6nlemek isteyenler<\/li>\n<\/ul>\n","protected":false},"excerpt":{"rendered":"<h3 data-section-id=\"gneok4\" data-start=\"313\" data-end=\"336\">Ne i\u00e7in kullan\u0131l\u0131r?<\/h3>\n<ul data-start=\"337\" data-end=\"607\">\n<li data-section-id=\"h843ec\" data-start=\"337\" data-end=\"415\">Gece boyunca sa\u00e7 derisini ar\u0131nd\u0131rmaya ve kepe\u011fe kar\u015f\u0131 destek sa\u011flamaya<\/li>\n<li data-section-id=\"12s9ajd\" data-start=\"416\" data-end=\"478\">Kepe\u011fin kayna\u011f\u0131na etki ederek g\u00f6r\u00fcn\u00fcr kepe\u011fi azaltmaya<\/li>\n<li data-section-id=\"9xqbkg\" data-start=\"479\" data-end=\"517\">Sa\u00e7 derisi bariyerini desteklemeye<\/li>\n<li data-section-id=\"kt7mb\" data-start=\"518\" data-end=\"607\">Rahats\u0131zl\u0131k ve tahri\u015fi yat\u0131\u015ft\u0131rmaya yard\u0131mc\u0131 olur<\/li>\n<\/ul>\n<h3 data-section-id=\"1j8b2gn\" data-start=\"614\" data-end=\"635\">Nas\u0131l kullan\u0131l\u0131r?<\/h3>\n<ol data-start=\"636\" data-end=\"976\">\n<li data-section-id=\"16web29\" data-start=\"636\" data-end=\"667\">Yatmadan \u00f6nce kullan\u0131n<\/li>\n<li data-section-id=\"1jdho5l\" data-start=\"668\" data-end=\"749\">Kuru veya havluyla nemi al\u0131nm\u0131\u015f sa\u00e7 derisine b\u00f6l\u00fcm b\u00f6l\u00fcm 4 doz uygulay\u0131n<\/li>\n<li data-section-id=\"899xye\" data-start=\"750\" data-end=\"806\">Parmak u\u00e7lar\u0131n\u0131zla daireler \u00e7izerek masaj yap\u0131n<\/li>\n<li data-section-id=\"3zguzt\" data-start=\"807\" data-end=\"872\">Durulamay\u0131n (serum gece boyunca sa\u00e7 derisine n\u00fcfuz eder)<\/li>\n<li data-section-id=\"hvui0n\" data-start=\"873\" data-end=\"976\">Haftada en az 3 kez, 4 hafta boyunca kullan\u0131lmas\u0131 \u00f6nerilir<\/li>\n<\/ol>\n<h3 data-section-id=\"1y2t0tz\" data-start=\"983\" data-end=\"1029\">\u0130\u00e7erik:<\/h3>\n<p data-start=\"1030\" data-end=\"1517\">Aqua \/ Water \/ Eau \u2022 Alcohol Denat. \u2022 Ammonium Polyacryloyldimethyl Taurate \u2022 Citric Acid \u2022 PEG\u201140 Hydrogenated Castor Oil \u2022 Aminomethyl Propanol \u2022 Piroctone Olamine \u2022 Squalane \u2022 Salicylic Acid \u2022 Bifida Ferment Lysate \u2022 Limonene \u2022 Glycerin \u2022 Benzyl Salicylate \u2022 Benzyl Alcohol \u2022 Linalool \u2022 Citronellol \u2022 Citral \u2022 Geraniol \u2022 Artemisia Umbelliformis Flower Extract \u2022 Coumarin \u2022 Phenoxyethanol \u2022 Sodium Benzoate \u2022 Potassium Sorbate \u2022 Parfum \/ Fragrance<\/p>\n","protected":false},"featured_media":4191,"comment_status":"open","ping_status":"closed","template":"","meta":{"_acf_changed":false},"product_brand":[171],"product_cat":[15],"product_tag":[354],"class_list":{"0":"post-4192","1":"product","2":"type-product","3":"status-publish","4":"has-post-thumbnail","6":"product_brand-kerastase","7":"product_cat-genel","8":"product_tag-kerastase","10":"first","11":"outofstock","12":"shipping-taxable","13":"purchasable","14":"product-type-simple"},"acf":[],"_links":{"self":[{"href":"https:\/\/www.kozmodern.com\/index.php?rest_route=\/wp\/v2\/product\/4192","targetHints":{"allow":["GET"]}}],"collection":[{"href":"https:\/\/www.kozmodern.com\/index.php?rest_route=\/wp\/v2\/product"}],"about":[{"href":"https:\/\/www.kozmodern.com\/index.php?rest_route=\/wp\/v2\/types\/product"}],"replies":[{"embeddable":true,"href":"https:\/\/www.kozmodern.com\/index.php?rest_route=%2Fwp%2Fv2%2Fcomments&post=4192"}],"wp:featuredmedia":[{"embeddable":true,"href":"https:\/\/www.kozmodern.com\/index.php?rest_route=\/wp\/v2\/media\/4191"}],"wp:attachment":[{"href":"https:\/\/www.kozmodern.com\/index.php?rest_route=%2Fwp%2Fv2%2Fmedia&parent=4192"}],"wp:term":[{"taxonomy":"product_brand","embeddable":true,"href":"https:\/\/www.kozmodern.com\/index.php?rest_route=%2Fwp%2Fv2%2Fproduct_brand&post=4192"},{"taxonomy":"product_cat","embeddable":true,"href":"https:\/\/www.kozmodern.com\/index.php?rest_route=%2Fwp%2Fv2%2Fproduct_cat&post=4192"},{"taxonomy":"product_tag","embeddable":true,"href":"https:\/\/www.kozmodern.com\/index.php?rest_route=%2Fwp%2Fv2%2Fproduct_tag&post=4192"}],"curies":[{"name":"wp","href":"https:\/\/api.w.org\/{rel}","templated":true}]}}