{"id":4202,"date":"2026-03-01T22:17:36","date_gmt":"2026-03-01T19:17:36","guid":{"rendered":"https:\/\/www.kozmodern.com\/?product=olaplex-no-4p-blonde-enhancer-toning-mor-sampuan-250-ml"},"modified":"2026-04-06T16:02:55","modified_gmt":"2026-04-06T13:02:55","slug":"olaplex-no-4p-blonde-enhancer-toning-mor-sampuan-250-ml","status":"publish","type":"product","link":"https:\/\/www.kozmodern.com\/?product=olaplex-no-4p-blonde-enhancer-toning-mor-sampuan-250-ml","title":{"rendered":"Olaplex No. 4P Blonde Enhancer Toning Mor \u015eampuan 250 ml"},"content":{"rendered":"<h3 data-section-id=\"1qguylz\" data-start=\"51\" data-end=\"82\"><span role=\"text\">Kimler i\u00e7in uygundur?<\/span><\/h3>\n<ul data-start=\"83\" data-end=\"399\">\n<li data-section-id=\"17n4itc\" data-start=\"83\" data-end=\"136\">Sar\u0131, a\u00e7\u0131k renk, gri veya renk a\u00e7\u0131lm\u0131\u015f sa\u00e7lar<\/li>\n<li data-section-id=\"14jmzap\" data-start=\"137\" data-end=\"214\">\u0130stenmeyen sar\u0131 ve turuncu yans\u0131malar\u0131 n\u00f6tralize etmek isteyenler<\/li>\n<li data-section-id=\"107um1t\" data-start=\"215\" data-end=\"239\">Renkli (boya) sa\u00e7lar<\/li>\n<li data-section-id=\"aocnit\" data-start=\"240\" data-end=\"281\">Sa\u00e7 ba\u011flar\u0131n\u0131 g\u00fc\u00e7lendirmek isteyenler<\/li>\n<li data-section-id=\"148ipel\" data-start=\"282\" data-end=\"399\">T\u00fcm sa\u00e7 tiplerine uygundur (\u00f6zellikle tonu kontrol alt\u0131nda tutmak isteyenler)<\/li>\n<\/ul>\n","protected":false},"excerpt":{"rendered":"<h3 data-section-id=\"fk3kno\" data-start=\"406\" data-end=\"435\"><span role=\"text\">Ne i\u00e7in kullan\u0131l\u0131r?<\/span><\/h3>\n<ul data-start=\"436\" data-end=\"682\">\n<li data-section-id=\"h3xg0o\" data-start=\"436\" data-end=\"498\">Sa\u00e7taki brassy (sar\u0131\/turuncu) tonlar\u0131 n\u00f6tralize etmeye<\/li>\n<li data-section-id=\"11cqv1x\" data-start=\"499\" data-end=\"558\">Sa\u00e7 rengini canl\u0131, parlak ve so\u011fuk tonlarda tutmaya<\/li>\n<li data-section-id=\"1t5pjsb\" data-start=\"559\" data-end=\"591\">Sa\u00e7\u0131 nazik\u00e7e temizlemeye<\/li>\n<li data-section-id=\"u0aps9\" data-start=\"592\" data-end=\"682\">Sa\u00e7 ba\u011flar\u0131n\u0131 g\u00fc\u00e7lendirmeye ve k\u0131r\u0131lmay\u0131 azaltmaya<\/li>\n<\/ul>\n<h3 data-section-id=\"1i784l3\" data-start=\"689\" data-end=\"716\"><span role=\"text\">Nas\u0131l kullan\u0131l\u0131r?<\/span><\/h3>\n<ol data-start=\"717\" data-end=\"1026\">\n<li data-section-id=\"8z36my\" data-start=\"717\" data-end=\"784\">Islak sa\u00e7a uygulay\u0131n<\/li>\n<li data-section-id=\"63x5oh\" data-start=\"785\" data-end=\"840\">K\u00f6p\u00fcrt\u00fcn<\/li>\n<li data-section-id=\"4gfalg\" data-start=\"841\" data-end=\"963\">1\u20133 dakika bekletin (daha yo\u011fun tonlama i\u00e7in 5 dakika b\u0131rakabilirsiniz)<\/li>\n<li data-section-id=\"12z8ijd\" data-start=\"964\" data-end=\"1026\">\u0130yice durulay\u0131n<\/li>\n<\/ol>\n<ul data-start=\"1027\" data-end=\"1127\">\n<li data-section-id=\"uta792\" data-start=\"1027\" data-end=\"1127\">Haftada 1\u20132 kez veya ihtiyaca g\u00f6re kullan\u0131lmas\u0131 \u00f6nerilir<\/li>\n<\/ul>\n<h3 data-section-id=\"34e2gn\" data-start=\"1134\" data-end=\"1186\"><span role=\"text\">\u0130\u00e7erik:<\/span><\/h3>\n<p data-start=\"1187\" data-end=\"1626\">Water\/Aqua\/Eau \u2022 Sodium C14\u201116 Olefin Sulfonate \u2022 Cocamidopropyl Betaine \u2022 Glycerin \u2022 Sodium Chloride \u2022 Sodium Cocoamphoacetate \u2022 Bis\u2011Aminopropyl Diglycol Dimaleate \u2022 Betaine \u2022 Acrylates Copolymer \u2022 Polyquaternium\u20117 \u2022 Guar Hydroxypropyltrimonium Chloride \u2022 Citric Acid \u2022 Ethylhexylglycerin \u2022 Phenoxyethanol \u2022 Sodium Benzoate \u2022 Fragrance (Parfum) \u2022 Limonene \u2022 Hexyl Cinnamal \u2022 Acid Violet 43 (CI 60730)<\/p>\n","protected":false},"featured_media":4201,"comment_status":"open","ping_status":"closed","template":"","meta":{"_acf_changed":false},"product_brand":[172],"product_cat":[15],"product_tag":[353],"class_list":{"0":"post-4202","1":"product","2":"type-product","3":"status-publish","4":"has-post-thumbnail","6":"product_brand-olaplex","7":"product_cat-genel","8":"product_tag-olaplex","10":"first","11":"instock","12":"shipping-taxable","13":"purchasable","14":"product-type-simple"},"acf":[],"_links":{"self":[{"href":"https:\/\/www.kozmodern.com\/index.php?rest_route=\/wp\/v2\/product\/4202","targetHints":{"allow":["GET"]}}],"collection":[{"href":"https:\/\/www.kozmodern.com\/index.php?rest_route=\/wp\/v2\/product"}],"about":[{"href":"https:\/\/www.kozmodern.com\/index.php?rest_route=\/wp\/v2\/types\/product"}],"replies":[{"embeddable":true,"href":"https:\/\/www.kozmodern.com\/index.php?rest_route=%2Fwp%2Fv2%2Fcomments&post=4202"}],"wp:featuredmedia":[{"embeddable":true,"href":"https:\/\/www.kozmodern.com\/index.php?rest_route=\/wp\/v2\/media\/4201"}],"wp:attachment":[{"href":"https:\/\/www.kozmodern.com\/index.php?rest_route=%2Fwp%2Fv2%2Fmedia&parent=4202"}],"wp:term":[{"taxonomy":"product_brand","embeddable":true,"href":"https:\/\/www.kozmodern.com\/index.php?rest_route=%2Fwp%2Fv2%2Fproduct_brand&post=4202"},{"taxonomy":"product_cat","embeddable":true,"href":"https:\/\/www.kozmodern.com\/index.php?rest_route=%2Fwp%2Fv2%2Fproduct_cat&post=4202"},{"taxonomy":"product_tag","embeddable":true,"href":"https:\/\/www.kozmodern.com\/index.php?rest_route=%2Fwp%2Fv2%2Fproduct_tag&post=4202"}],"curies":[{"name":"wp","href":"https:\/\/api.w.org\/{rel}","templated":true}]}}