{"id":4226,"date":"2026-03-01T22:17:37","date_gmt":"2026-03-01T19:17:37","guid":{"rendered":"https:\/\/www.kozmodern.com\/?product=schwarzkopf-silhouette-super-tutucu-sprey-500-ml"},"modified":"2026-04-06T16:12:46","modified_gmt":"2026-04-06T13:12:46","slug":"schwarzkopf-silhouette-super-tutucu-sprey-500-ml","status":"publish","type":"product","link":"https:\/\/www.kozmodern.com\/?product=schwarzkopf-silhouette-super-tutucu-sprey-500-ml","title":{"rendered":"Schwarzkopf Silhouette S\u00fcper Tutucu Sprey 500 ml"},"content":{"rendered":"<h3 data-section-id=\"1ois3w7\" data-start=\"51\" data-end=\"80\"><span role=\"text\"><strong data-start=\"55\" data-end=\"80\">Kimler i\u00e7in uygundur?<\/strong><\/span><\/h3>\n<ul data-start=\"81\" data-end=\"376\">\n<li data-section-id=\"9wmihu\" data-start=\"81\" data-end=\"125\">Sa\u00e7\u0131n\u0131 uzun s\u00fcre sabit tutmak isteyenler<\/li>\n<li data-section-id=\"1f90qkd\" data-start=\"126\" data-end=\"196\">Karma\u015f\u0131k veya zor \u015fekillendirilen sa\u00e7lara stil korumas\u0131 gerekenler<\/li>\n<li data-section-id=\"f50va6\" data-start=\"197\" data-end=\"257\">G\u00fcnl\u00fck veya \u00f6zel g\u00fcn modellerinde g\u00fc\u00e7l\u00fc tutu\u015f isteyenler<\/li>\n<li data-section-id=\"4e73wt\" data-start=\"258\" data-end=\"376\">T\u00fcm sa\u00e7 tipleri i\u00e7in uygundur (<em data-start=\"291\" data-end=\"337\">s\u00fcper g\u00fc\u00e7l\u00fc tutu\u015f sa\u011flayan profesyonel sprey<\/em>)<\/li>\n<\/ul>\n","protected":false},"excerpt":{"rendered":"<h3 data-section-id=\"1ywxi6s\" data-start=\"383\" data-end=\"410\"><span role=\"text\">Ne i\u00e7in kullan\u0131l\u0131r?<\/span><\/h3>\n<ul data-start=\"411\" data-end=\"696\">\n<li data-section-id=\"vw0n85\" data-start=\"411\" data-end=\"457\">Sa\u00e7 modelini g\u00fc\u00e7l\u00fc \u015fekilde sabitlemeye<\/li>\n<li data-section-id=\"1627mty\" data-start=\"458\" data-end=\"504\">Uzun s\u00fcreli tutu\u015f ve kontrol sa\u011flamaya<\/li>\n<li data-section-id=\"1dj8ixv\" data-start=\"505\" data-end=\"553\">Sa\u00e7ta parlakl\u0131k ve canl\u0131l\u0131k kazand\u0131rmaya<\/li>\n<li data-section-id=\"1ppxjpx\" data-start=\"554\" data-end=\"696\">A\u011f\u0131rla\u015ft\u0131rmadan sa\u00e7 \u015feklini korumaya<br data-start=\"592\" data-end=\"595\" \/>(<em data-start=\"596\" data-end=\"657\">Mikro film olu\u015fturucular sayesinde uzun s\u00fcreli tutu\u015f sa\u011flar<\/em>)<\/li>\n<\/ul>\n<h3 data-section-id=\"tx8gfr\" data-start=\"703\" data-end=\"728\"><span role=\"text\">Nas\u0131l kullan\u0131l\u0131r?<\/span><\/h3>\n<ol data-start=\"729\" data-end=\"1012\">\n<li data-section-id=\"p1lv5j\" data-start=\"729\" data-end=\"777\">Sa\u00e7\u0131n\u0131z\u0131 istedi\u011finiz \u015fekilde \u015fekillendirin.<\/li>\n<li data-section-id=\"eod62k\" data-start=\"778\" data-end=\"860\">Kuru sa\u00e7a, yakla\u015f\u0131k 20\u201330\u202fcm uzakl\u0131ktan e\u015fit \u015fekilde sprey uygulay\u0131n.<\/li>\n<li data-section-id=\"1jalr6u\" data-start=\"861\" data-end=\"931\">Spreyin kurumas\u0131n\u0131 bekleyin; durulama veya tarak gerektirmez.<\/li>\n<li data-section-id=\"1cfh3my\" data-start=\"932\" data-end=\"1012\">G\u00fcn boyu \u015feklin sabit kalmas\u0131n\u0131 sa\u011flar.<\/li>\n<\/ol>\n<h3 data-section-id=\"34e2gn\" data-start=\"1019\" data-end=\"1071\"><span role=\"text\">\u0130\u00e7erik:<\/span><\/h3>\n<p data-start=\"1072\" data-end=\"1288\">Dimethyl Ether \u2022 Alcohol Denat. \u2022 Aqua \/ Water \u2022 Octylacrylamide \/ Acrylates \/ Butylaminoethyl Methacrylate Copolymer \u2022 Aminomethyl Propanol \u2022 Parfum \/ Fragrance \u2022 Benzyl Alcohol<\/p>\n","protected":false},"featured_media":4225,"comment_status":"open","ping_status":"closed","template":"","meta":{"_acf_changed":false},"product_brand":[191],"product_cat":[379],"product_tag":[378],"class_list":{"0":"post-4226","1":"product","2":"type-product","3":"status-publish","4":"has-post-thumbnail","6":"product_brand-schwarzkopf","7":"product_cat-sekillendiriciler-2","8":"product_tag-schwarzkopf","10":"first","11":"instock","12":"shipping-taxable","13":"purchasable","14":"product-type-simple"},"acf":[],"_links":{"self":[{"href":"https:\/\/www.kozmodern.com\/index.php?rest_route=\/wp\/v2\/product\/4226","targetHints":{"allow":["GET"]}}],"collection":[{"href":"https:\/\/www.kozmodern.com\/index.php?rest_route=\/wp\/v2\/product"}],"about":[{"href":"https:\/\/www.kozmodern.com\/index.php?rest_route=\/wp\/v2\/types\/product"}],"replies":[{"embeddable":true,"href":"https:\/\/www.kozmodern.com\/index.php?rest_route=%2Fwp%2Fv2%2Fcomments&post=4226"}],"wp:featuredmedia":[{"embeddable":true,"href":"https:\/\/www.kozmodern.com\/index.php?rest_route=\/wp\/v2\/media\/4225"}],"wp:attachment":[{"href":"https:\/\/www.kozmodern.com\/index.php?rest_route=%2Fwp%2Fv2%2Fmedia&parent=4226"}],"wp:term":[{"taxonomy":"product_brand","embeddable":true,"href":"https:\/\/www.kozmodern.com\/index.php?rest_route=%2Fwp%2Fv2%2Fproduct_brand&post=4226"},{"taxonomy":"product_cat","embeddable":true,"href":"https:\/\/www.kozmodern.com\/index.php?rest_route=%2Fwp%2Fv2%2Fproduct_cat&post=4226"},{"taxonomy":"product_tag","embeddable":true,"href":"https:\/\/www.kozmodern.com\/index.php?rest_route=%2Fwp%2Fv2%2Fproduct_tag&post=4226"}],"curies":[{"name":"wp","href":"https:\/\/api.w.org\/{rel}","templated":true}]}}