{"id":4342,"date":"2026-03-02T00:42:40","date_gmt":"2026-03-01T21:42:40","guid":{"rendered":"https:\/\/www.kozmodern.com\/?product=davines-alchemic-copper-bakir-sampuan-280-ml"},"modified":"2026-04-06T18:49:08","modified_gmt":"2026-04-06T15:49:08","slug":"davines-alchemic-copper-bakir-sampuan-280-ml","status":"publish","type":"product","link":"https:\/\/www.kozmodern.com\/?product=davines-alchemic-copper-bakir-sampuan-280-ml","title":{"rendered":"Davines Alchemic Copper Shampoo 280\u202fml  (Bak\u0131r Tonlar i\u00e7in Renk Koruyucu \u015eampuan)"},"content":{"rendered":"<h3 data-section-id=\"1ois3w7\" data-start=\"98\" data-end=\"127\"><span role=\"text\">Kimler i\u00e7in uygundur?<\/span><\/h3>\n<ul data-start=\"128\" data-end=\"361\">\n<li data-section-id=\"18mgy8w\" data-start=\"128\" data-end=\"181\">Bak\u0131r tonlar\u0131ndaki sa\u00e7lar (do\u011fal veya boyal\u0131)<\/li>\n<li data-section-id=\"6w83ds\" data-start=\"182\" data-end=\"247\">Renk solmas\u0131n\u0131 \u00f6nlemek ve tonlar\u0131 canl\u0131 tutmak isteyenler<\/li>\n<li data-section-id=\"1ox0z0w\" data-start=\"248\" data-end=\"361\">Nazik temizlik isteyen t\u00fcm sa\u00e7 tipleri<br data-start=\"292\" data-end=\"295\" \/>-\u00d6zellikle bak\u0131r\/k\u0131z\u0131l tonlu sa\u00e7lar i\u00e7in geli\u015ftirilmi\u015ftir.<\/li>\n<\/ul>\n","protected":false},"excerpt":{"rendered":"<h3 data-section-id=\"1ywxi6s\" data-start=\"368\" data-end=\"395\"><span role=\"text\">Ne i\u00e7in kullan\u0131l\u0131r?<\/span><\/h3>\n<ul data-start=\"396\" data-end=\"691\">\n<li data-section-id=\"1kp0khr\" data-start=\"396\" data-end=\"443\">Sa\u00e7 rengindeki bak\u0131r tonlar\u0131n\u0131 korumaya<\/li>\n<li data-section-id=\"jjlcxs\" data-start=\"444\" data-end=\"497\">D\u00fczenli temizlik ile renk solmas\u0131n\u0131 azaltmaya<\/li>\n<li data-section-id=\"1kiwyzb\" data-start=\"498\" data-end=\"545\">Sa\u00e7\u0131 nazik\u00e7e temizleyerek bak\u0131m yapmaya<\/li>\n<li data-section-id=\"1ek4jji\" data-start=\"546\" data-end=\"691\">Sa\u00e7a parlakl\u0131k ve canl\u0131l\u0131k kazand\u0131rmaya<br data-start=\"591\" data-end=\"594\" \/>-D\u00fczenli kullan\u0131mda sa\u00e7 renginin daha uzun s\u00fcre canl\u0131 ve yo\u011fun g\u00f6r\u00fcnmesine yard\u0131mc\u0131 olur.<\/li>\n<\/ul>\n<h3 data-section-id=\"tx8gfr\" data-start=\"698\" data-end=\"723\"><span role=\"text\">Nas\u0131l kullan\u0131l\u0131r?<\/span><\/h3>\n<ol data-start=\"724\" data-end=\"944\">\n<li data-section-id=\"qwkcxp\" data-start=\"724\" data-end=\"754\">Nemli sa\u00e7a uygulan\u0131r.<\/li>\n<li data-section-id=\"bc3yem\" data-start=\"755\" data-end=\"812\">Parmak u\u00e7lar\u0131yla nazik\u00e7e masaj yaparak k\u00f6p\u00fcrt\u00fcn.<\/li>\n<li data-section-id=\"g157vx\" data-start=\"813\" data-end=\"838\">\u0130yice durulay\u0131n.<\/li>\n<li data-section-id=\"kb5cv2\" data-start=\"839\" data-end=\"878\">Gerekti\u011finde tekrarlayabilirsiniz.<\/li>\n<li data-section-id=\"15jll9x\" data-start=\"879\" data-end=\"944\">Ard\u0131ndan Alchemic Copper Bak\u0131r Sa\u00e7 Kremi ile tamamlay\u0131n.<\/li>\n<\/ol>\n<h3 data-section-id=\"34e2gn\" data-start=\"951\" data-end=\"1003\"><span role=\"text\">\u0130\u00e7erik:<\/span><\/h3>\n<p data-start=\"1004\" data-end=\"1446\">Aqua \/ Water \/ Eau \u2022 Sodium Lauroyl Methyl Isethionate \u2022 Cocamidopropyl Betaine \u2022 Glycol Distearate \u2022 Cocamide MEA \u2022 Sodium Chloride \u2022 Glycerin \u2022 Panthenol \u2022 Polyquaternium\u201110 \u2022 Laureth\u20114 \u2022 Benzyl Alcohol \u2022 Guar Hydroxypropyltrimonium Chloride \u2022 Sodium Benzoate \u2022 Parfum \/ Fragrance \u2022 Decyl Glucoside \u2022 Tetrasodium Ethylenediamine Disuccinate \u2022 Citric Acid \u2022 Basic Orange 85 \u2022 Basic Red 76 \u2022 Basic Yellow 57 \u2022 Basic Brown 16 \u2022 Basic Blue 99<\/p>\n","protected":false},"featured_media":4341,"comment_status":"open","ping_status":"closed","template":"","meta":{"_acf_changed":false},"product_brand":[189],"product_cat":[398],"product_tag":[],"class_list":{"0":"post-4342","1":"product","2":"type-product","3":"status-publish","4":"has-post-thumbnail","6":"product_brand-davines","7":"product_cat-sampuan-davines","9":"first","10":"instock","11":"shipping-taxable","12":"purchasable","13":"product-type-simple"},"acf":[],"_links":{"self":[{"href":"https:\/\/www.kozmodern.com\/index.php?rest_route=\/wp\/v2\/product\/4342","targetHints":{"allow":["GET"]}}],"collection":[{"href":"https:\/\/www.kozmodern.com\/index.php?rest_route=\/wp\/v2\/product"}],"about":[{"href":"https:\/\/www.kozmodern.com\/index.php?rest_route=\/wp\/v2\/types\/product"}],"replies":[{"embeddable":true,"href":"https:\/\/www.kozmodern.com\/index.php?rest_route=%2Fwp%2Fv2%2Fcomments&post=4342"}],"wp:featuredmedia":[{"embeddable":true,"href":"https:\/\/www.kozmodern.com\/index.php?rest_route=\/wp\/v2\/media\/4341"}],"wp:attachment":[{"href":"https:\/\/www.kozmodern.com\/index.php?rest_route=%2Fwp%2Fv2%2Fmedia&parent=4342"}],"wp:term":[{"taxonomy":"product_brand","embeddable":true,"href":"https:\/\/www.kozmodern.com\/index.php?rest_route=%2Fwp%2Fv2%2Fproduct_brand&post=4342"},{"taxonomy":"product_cat","embeddable":true,"href":"https:\/\/www.kozmodern.com\/index.php?rest_route=%2Fwp%2Fv2%2Fproduct_cat&post=4342"},{"taxonomy":"product_tag","embeddable":true,"href":"https:\/\/www.kozmodern.com\/index.php?rest_route=%2Fwp%2Fv2%2Fproduct_tag&post=4342"}],"curies":[{"name":"wp","href":"https:\/\/api.w.org\/{rel}","templated":true}]}}