{"id":4348,"date":"2026-03-02T00:42:44","date_gmt":"2026-03-01T21:42:44","guid":{"rendered":"https:\/\/www.kozmodern.com\/?product=davines-alchemic-creative-mercan-sac-kremi-250-ml"},"modified":"2026-04-06T19:04:12","modified_gmt":"2026-04-06T16:04:12","slug":"davines-alchemic-creative-mercan-sac-kremi-250-ml","status":"publish","type":"product","link":"https:\/\/www.kozmodern.com\/?product=davines-alchemic-creative-mercan-sac-kremi-250-ml","title":{"rendered":"Davines Alchemic Creative Coral Conditioner 250\u202fml  (Mercan\/Renk Canland\u0131r\u0131c\u0131 Sa\u00e7 Kremi)"},"content":{"rendered":"<ul>\n<li>\n<h3 data-section-id=\"1ois3w7\" data-start=\"105\" data-end=\"134\"><span role=\"text\">Kimler i\u00e7in uygundur?<\/span><\/h3>\n<ul data-start=\"135\" data-end=\"341\">\n<li data-section-id=\"9mj20s\" data-start=\"135\" data-end=\"190\">Mercan tonlar\u0131ndaki sa\u00e7lara (do\u011fal veya boyal\u0131)<\/li>\n<li data-section-id=\"e3n131\" data-start=\"191\" data-end=\"267\">Sa\u00e7 renginin canl\u0131 ve parlak mercan yans\u0131malar\u0131n\u0131 korumak isteyenler<\/li>\n<li data-section-id=\"y1r63v\" data-start=\"268\" data-end=\"309\">Renk solmas\u0131na kar\u015f\u0131 bak\u0131m isteyenler<\/li>\n<li data-section-id=\"1vpaqd9\" data-start=\"310\" data-end=\"341\">T\u00fcm sa\u00e7 tipleri i\u00e7in uygundur<\/li>\n<\/ul>\n<\/li>\n<\/ul>\n","protected":false},"excerpt":{"rendered":"<h3 data-section-id=\"1ywxi6s\" data-start=\"348\" data-end=\"375\"><span role=\"text\">Ne i\u00e7in kullan\u0131l\u0131r?<\/span><\/h3>\n<ul data-start=\"376\" data-end=\"638\">\n<li data-section-id=\"1735f20\" data-start=\"376\" data-end=\"424\">Sa\u00e7taki mercan tonlar\u0131n\u0131 canl\u0131la\u015ft\u0131rmaya<\/li>\n<li data-section-id=\"7qvwod\" data-start=\"425\" data-end=\"457\">Renk solmas\u0131n\u0131 azaltmaya<\/li>\n<li data-section-id=\"1q0tzlr\" data-start=\"458\" data-end=\"499\">Sa\u00e7\u0131 nemlendirmeye ve yumu\u015fatmaya<\/li>\n<li data-section-id=\"iqnr3q\" data-start=\"500\" data-end=\"638\">Sa\u00e7\u0131n yumu\u015fak, parlak ve kontroll\u00fc g\u00f6r\u00fcnmesini sa\u011flamaya<\/li>\n<li data-section-id=\"iqnr3q\" data-start=\"500\" data-end=\"638\">Renk bak\u0131m\u0131n\u0131 desteklemek ve renk yo\u011funlu\u011funu uzatmak i\u00e7in kullan\u0131l\u0131r.<\/li>\n<\/ul>\n<h3 data-section-id=\"tx8gfr\" data-start=\"645\" data-end=\"670\"><span role=\"text\">Nas\u0131l kullan\u0131l\u0131r?<\/span><\/h3>\n<ol data-start=\"671\" data-end=\"832\">\n<li data-section-id=\"179g8e\" data-start=\"671\" data-end=\"734\">\u015eampuan sonras\u0131, havluyla nemi al\u0131nm\u0131\u015f sa\u00e7a uygulay\u0131n.<\/li>\n<li data-section-id=\"1k0v0o7\" data-start=\"735\" data-end=\"778\">Boy ve u\u00e7lara masaj yaparak yay\u0131n.<\/li>\n<li data-section-id=\"l2t7dk\" data-start=\"779\" data-end=\"808\">3\u20135 dakika bekletin.<\/li>\n<li data-section-id=\"34ss16\" data-start=\"809\" data-end=\"832\">\u0130yice durulay\u0131n.<\/li>\n<\/ol>\n<h3 data-section-id=\"34e2gn\" data-start=\"839\" data-end=\"891\"><span role=\"text\">\u0130\u00e7erik:<\/span><\/h3>\n<p data-start=\"892\" data-end=\"1379\">Aqua \/ Water \/ Eau \u2022 Cetearyl Alcohol \u2022 Glycerin \u2022 Cetyl Alcohol \u2022 Cetrimonium Chloride \u2022 Beheneth\u201125 \u2022 Glyceryl Stearate \u2022 Polyglyceryl\u20114 Oleate \u2022 Benzyl Alcohol \u2022 Ethylhexyl Methoxycinnamate \u2022 Parfum \/ Fragrance \u2022 Tocopherol \u2022 Disodium EDTA \u2022 Hydroxyethylcellulose \u2022 Sodium Benzoate \u2022 Glyceryl Olivate \u2022 Hydrogenated Palm Glycerides Citrate \u2022 Hydrogenated Rapeseed Alcohol \u2022 Sclerotium Gum \u2022 Citric Acid \u2022 Basic Red 76 \u2022 Basic Yellow 57 \u2022 Basic Orange 85 \u2022 Basic Brown 16 \u2022 CI Pigments<\/p>\n","protected":false},"featured_media":4347,"comment_status":"open","ping_status":"closed","template":"","meta":{"_acf_changed":false},"product_brand":[189],"product_cat":[397],"product_tag":[],"class_list":{"0":"post-4348","1":"product","2":"type-product","3":"status-publish","4":"has-post-thumbnail","6":"product_brand-davines","7":"product_cat-sac-kremi-davines","9":"first","10":"instock","11":"shipping-taxable","12":"purchasable","13":"product-type-simple"},"acf":[],"_links":{"self":[{"href":"https:\/\/www.kozmodern.com\/index.php?rest_route=\/wp\/v2\/product\/4348","targetHints":{"allow":["GET"]}}],"collection":[{"href":"https:\/\/www.kozmodern.com\/index.php?rest_route=\/wp\/v2\/product"}],"about":[{"href":"https:\/\/www.kozmodern.com\/index.php?rest_route=\/wp\/v2\/types\/product"}],"replies":[{"embeddable":true,"href":"https:\/\/www.kozmodern.com\/index.php?rest_route=%2Fwp%2Fv2%2Fcomments&post=4348"}],"wp:featuredmedia":[{"embeddable":true,"href":"https:\/\/www.kozmodern.com\/index.php?rest_route=\/wp\/v2\/media\/4347"}],"wp:attachment":[{"href":"https:\/\/www.kozmodern.com\/index.php?rest_route=%2Fwp%2Fv2%2Fmedia&parent=4348"}],"wp:term":[{"taxonomy":"product_brand","embeddable":true,"href":"https:\/\/www.kozmodern.com\/index.php?rest_route=%2Fwp%2Fv2%2Fproduct_brand&post=4348"},{"taxonomy":"product_cat","embeddable":true,"href":"https:\/\/www.kozmodern.com\/index.php?rest_route=%2Fwp%2Fv2%2Fproduct_cat&post=4348"},{"taxonomy":"product_tag","embeddable":true,"href":"https:\/\/www.kozmodern.com\/index.php?rest_route=%2Fwp%2Fv2%2Fproduct_tag&post=4348"}],"curies":[{"name":"wp","href":"https:\/\/api.w.org\/{rel}","templated":true}]}}