{"id":4370,"date":"2026-03-02T00:42:52","date_gmt":"2026-03-01T21:42:52","guid":{"rendered":"https:\/\/www.kozmodern.com\/?product=davines-alchemic-silver-gumus-sampuan-1000-ml"},"modified":"2026-04-06T19:18:09","modified_gmt":"2026-04-06T16:18:09","slug":"davines-alchemic-silver-gumus-sampuan-1000-ml","status":"publish","type":"product","link":"https:\/\/www.kozmodern.com\/?product=davines-alchemic-silver-gumus-sampuan-1000-ml","title":{"rendered":"Davines Alchemic Silver G\u00fcm\u00fc\u015f \u015eampuan 1000 ml"},"content":{"rendered":"<h3 data-section-id=\"1ois3w7\" data-start=\"51\" data-end=\"80\"><span role=\"text\">Kimler i\u00e7in uygundur?<\/span><\/h3>\n<ul data-start=\"81\" data-end=\"417\">\n<li data-section-id=\"1rw0wdu\" data-start=\"81\" data-end=\"160\">Platin sar\u0131, gri, beyaz ve so\u011fuk tonlardaki sa\u00e7lar (do\u011fal veya boyal\u0131).<\/li>\n<li data-section-id=\"71tnu2\" data-start=\"161\" data-end=\"254\">Renk a\u00e7ma i\u015flemi sonras\u0131 olu\u015fan sar\u0131 ve s\u0131cak yans\u0131malar\u0131 n\u00f6tralize etmek isteyenler.<\/li>\n<li data-section-id=\"9ngnv\" data-start=\"255\" data-end=\"417\">G\u00fcnl\u00fck kullan\u0131m ile renk korumas\u0131 arayanlar.<\/li>\n<li data-section-id=\"9ngnv\" data-start=\"255\" data-end=\"417\">\u00d6zellikle so\u011fuk \/ g\u00fcm\u00fc\u015f \/ platin g\u00f6r\u00fcn\u00fcml\u00fc sa\u00e7lar i\u00e7in idealdir<\/li>\n<\/ul>\n","protected":false},"excerpt":{"rendered":"<div class=\"flex h-svh w-screen flex-col\">\n<div class=\"relative z-0 flex min-h-0 w-full flex-1\">\n<div class=\"relative flex min-h-0 w-full flex-1\">\n<div class=\"@container\/main relative flex min-w-0 flex-1 flex-col -translate-y-[calc(env(safe-area-inset-bottom,0px)\/2)] pt-[calc(env(safe-area-inset-bottom,0px)\/2)]\">\n<div class=\"@w-sm\/main:[scrollbar-gutter:var(--stage-scroll-gutter)] touch:[scrollbar-width:none] group\/scroll-root relative flex min-h-0 min-w-0 flex-1 flex-col [scrollbar-gutter:stable] not-print:overflow-x-clip not-print:overflow-y-auto group-data-stream-active\/scroll-root:[overflow-anchor:none] scroll-pt-(--header-height) [--sticky-padding-top:var(--header-height)] [--sticky-padding-bottom:0px] [--scroll-root-safe-area-inset-top:calc(var(--sticky-padding-top)+env(safe-area-inset-top,0px))] [--scroll-root-safe-area-inset-bottom:calc(var(--sticky-padding-bottom)+var(--screen-keyboard-height,0px)+env(safe-area-inset-bottom,0px))] [--scroll-root-safe-area-height:calc(100lvh-var(--scroll-root-safe-area-inset-top)-var(--scroll-root-safe-area-inset-bottom))] has-data-[fixed-header=less-than-xl]:@w-xl\/main:scroll-pt-0 has-data-[fixed-header=less-than-xl]:@w-xl\/main:[--sticky-padding-top:0px] has-data-[fixed-header=less-than-xxl]:@w-2xl\/main:scroll-pt-0 has-data-[fixed-header=less-than-xxl]:@w-2xl\/main:[--sticky-padding-top:0px]\" data-scroll-root=\"\" data-scroll-from-top=\"\"><main id=\"main\" class=\"min-h-0 flex-1\"><\/p>\n<div id=\"thread\" class=\"group\/thread flex flex-col min-h-full\">\n<div class=\"composer-parent flex flex-1 flex-col focus-visible:outline-0\" role=\"presentation\">\n<div class=\"relative basis-auto flex-col -mb-(--composer-overlap-px) pb-(--composer-overlap-px) [--composer-overlap-px:28px] grow flex\">\n<div class=\"flex flex-col text-sm pb-25\">\n<section class=\"text-token-text-primary w-full focus:outline-none [--shadow-height:45px] has-data-writing-block:pointer-events-none has-data-writing-block:-mt-(--shadow-height) has-data-writing-block:pt-(--shadow-height) [&amp;:has([data-writing-block])&gt;*]:pointer-events-auto scroll-mt-[calc(var(--header-height)+min(200px,max(70px,20svh)))]\" dir=\"auto\" data-turn-id=\"request-WEB:6ad13007-09b1-4e01-9b24-bb0c6f765f71-61\" data-testid=\"conversation-turn-124\" data-scroll-anchor=\"true\" data-turn=\"assistant\">\n<div class=\"text-base my-auto mx-auto pb-10 [--thread-content-margin:var(--thread-content-margin-xs,calc(var(--spacing)*4))] @w-sm\/main:[--thread-content-margin:var(--thread-content-margin-sm,calc(var(--spacing)*6))] @w-lg\/main:[--thread-content-margin:var(--thread-content-margin-lg,calc(var(--spacing)*16))] px-(--thread-content-margin)\">\n<div class=\"[--thread-content-max-width:40rem] @w-lg\/main:[--thread-content-max-width:48rem] mx-auto max-w-(--thread-content-max-width) flex-1 group\/turn-messages focus-visible:outline-hidden relative flex w-full min-w-0 flex-col agent-turn\">\n<div class=\"flex max-w-full flex-col gap-4 grow\">\n<div class=\"min-h-8 text-message relative flex w-full flex-col items-end gap-2 text-start break-words whitespace-normal outline-none keyboard-focused:focus-ring [.text-message+&amp;]:mt-1\" dir=\"auto\" tabindex=\"0\" data-message-author-role=\"assistant\" data-message-id=\"826b06e7-1935-4cb9-9103-41f28a2707d6\" data-turn-start-message=\"true\" data-message-model-slug=\"gpt-5-mini\">\n<div class=\"flex w-full flex-col gap-1 empty:hidden\">\n<div class=\"markdown prose dark:prose-invert w-full wrap-break-word light markdown-new-styling\">\n<h3 data-section-id=\"1ywxi6s\" data-start=\"424\" data-end=\"451\"><span role=\"text\">Ne i\u00e7in kullan\u0131l\u0131r?<\/span><\/h3>\n<ul data-start=\"452\" data-end=\"777\">\n<li data-section-id=\"sx8hyt\" data-start=\"452\" data-end=\"520\">Sa\u00e7 rengindeki sar\u0131 \/ s\u0131cak tonlar\u0131 azaltmaya yard\u0131mc\u0131 olur.<\/li>\n<li data-section-id=\"icdasb\" data-start=\"521\" data-end=\"571\">Renk pigmentlerini korur ve yo\u011funla\u015ft\u0131r\u0131r.<\/li>\n<li data-section-id=\"116k5fq\" data-start=\"572\" data-end=\"630\">Sa\u00e7\u0131 nazik\u00e7e temizler, nemlendirir ve g\u00fc\u00e7lendirir.<\/li>\n<li data-section-id=\"66y62i\" data-start=\"631\" data-end=\"681\">Parlak, daha canl\u0131 bir renk sonucu sa\u011flar.<\/li>\n<li data-section-id=\"j2j3z4\" data-start=\"682\" data-end=\"777\">G\u00fcnl\u00fck temizlikle birlikte renk bak\u0131m\u0131n\u0131 destekler.<\/li>\n<\/ul>\n<h3 data-section-id=\"tx8gfr\" data-start=\"784\" data-end=\"809\"><span role=\"text\">Nas\u0131l kullan\u0131l\u0131r?<\/span><\/h3>\n<ol data-start=\"810\" data-end=\"1178\">\n<li data-section-id=\"arc1u3\" data-start=\"810\" data-end=\"855\">Nemli sa\u00e7a uygun miktarda uygulay\u0131n.<\/li>\n<li data-section-id=\"1kcss9z\" data-start=\"856\" data-end=\"907\">Parmak u\u00e7lar\u0131n\u0131zla masaj yaparak k\u00f6p\u00fcrt\u00fcn.<\/li>\n<li data-section-id=\"1yily7c\" data-start=\"908\" data-end=\"973\">Birka\u00e7 dakika bekletin (tonlama etkisini art\u0131rmak i\u00e7in).<\/li>\n<li data-section-id=\"2p5boq\" data-start=\"974\" data-end=\"999\">\u0130yice durulay\u0131n.<\/li>\n<li data-section-id=\"x36zd5\" data-start=\"1000\" data-end=\"1178\">Gerekirse ayn\u0131 i\u015flemi tekrarlayabilirsiniz.<br data-start=\"1050\" data-end=\"1053\" \/>-Ard\u0131ndan genellikle Alchemic Silver Conditioner ile bak\u0131m rutininizi tamamlay\u0131n.<\/li>\n<\/ol>\n<h3 data-section-id=\"1waled3\" data-start=\"1185\" data-end=\"1235\"><span role=\"text\">\u0130\u00e7erik: <\/span><\/h3>\n<p data-section-id=\"1waled3\" data-start=\"1185\" data-end=\"1235\">Aqua \/ Water \/ Eau \u2022 Sodium Lauroyl Methyl Isethionate \u2022 Glycerin \u2022 Cocamidopropyl Betaine \u2022 Disodium Cocoamphodiacetate \u2022 Sodium Lauroyl Sarcosinate \u2022 Decyl Glucoside \u2022 Panthenol \u2022 Sodium Cocoyl Glycinate \u2022 Acrylates\/C10\u201130 Alkyl Acrylate Crosspolymer \u2022 Benzyl Alcohol \u2022 Sodium Chloride \u2022 Parfum \/ Fragrance \u2022 Polysorbate 20 \u2022 Polyester\u201111 \u2022 Sodium Benzoate \u2022 Sodium PCA \u2022 Polyquaternium\u201110 \u2022 Trisodium Ethylenediamine Disuccinate \u2022 Guar Hydroxypropyltrimonium Chloride \u2022 Tetrasodium Glutamate Diacetate \u2022 Acid Violet\u00a043<\/p>\n<p data-start=\"1802\" data-end=\"1944\">\n<\/div>\n<\/div>\n<\/div>\n<\/div>\n<\/div>\n<\/div>\n<\/section>\n<\/div>\n<\/div>\n<\/div>\n<\/div>\n<p><\/main><\/div>\n<\/div>\n<\/div>\n<\/div>\n<\/div>\n","protected":false},"featured_media":4369,"comment_status":"open","ping_status":"closed","template":"","meta":{"_acf_changed":false},"product_brand":[189],"product_cat":[398],"product_tag":[],"class_list":{"0":"post-4370","1":"product","2":"type-product","3":"status-publish","4":"has-post-thumbnail","6":"product_brand-davines","7":"product_cat-sampuan-davines","9":"first","10":"outofstock","11":"shipping-taxable","12":"purchasable","13":"product-type-simple"},"acf":[],"_links":{"self":[{"href":"https:\/\/www.kozmodern.com\/index.php?rest_route=\/wp\/v2\/product\/4370","targetHints":{"allow":["GET"]}}],"collection":[{"href":"https:\/\/www.kozmodern.com\/index.php?rest_route=\/wp\/v2\/product"}],"about":[{"href":"https:\/\/www.kozmodern.com\/index.php?rest_route=\/wp\/v2\/types\/product"}],"replies":[{"embeddable":true,"href":"https:\/\/www.kozmodern.com\/index.php?rest_route=%2Fwp%2Fv2%2Fcomments&post=4370"}],"wp:featuredmedia":[{"embeddable":true,"href":"https:\/\/www.kozmodern.com\/index.php?rest_route=\/wp\/v2\/media\/4369"}],"wp:attachment":[{"href":"https:\/\/www.kozmodern.com\/index.php?rest_route=%2Fwp%2Fv2%2Fmedia&parent=4370"}],"wp:term":[{"taxonomy":"product_brand","embeddable":true,"href":"https:\/\/www.kozmodern.com\/index.php?rest_route=%2Fwp%2Fv2%2Fproduct_brand&post=4370"},{"taxonomy":"product_cat","embeddable":true,"href":"https:\/\/www.kozmodern.com\/index.php?rest_route=%2Fwp%2Fv2%2Fproduct_cat&post=4370"},{"taxonomy":"product_tag","embeddable":true,"href":"https:\/\/www.kozmodern.com\/index.php?rest_route=%2Fwp%2Fv2%2Fproduct_tag&post=4370"}],"curies":[{"name":"wp","href":"https:\/\/api.w.org\/{rel}","templated":true}]}}