{"id":4509,"date":"2026-03-02T00:45:01","date_gmt":"2026-03-01T21:45:01","guid":{"rendered":"https:\/\/www.kozmodern.com\/?product=davines-dede-ince-telli-saclari-koruyucu-bakim-kremi-250-ml"},"modified":"2026-04-16T13:55:59","modified_gmt":"2026-04-16T10:55:59","slug":"davines-dede-ince-telli-saclari-koruyucu-bakim-kremi-250-ml","status":"publish","type":"product","link":"https:\/\/www.kozmodern.com\/?product=davines-dede-ince-telli-saclari-koruyucu-bakim-kremi-250-ml","title":{"rendered":"Davines Dede \u0130nce Telli Sa\u00e7lar\u0131 Koruyucu Bak\u0131m Kremi 250 ml"},"content":{"rendered":"<h3 data-section-id=\"1gk0ne6\" data-start=\"46\" data-end=\"75\"><span role=\"text\"><strong data-start=\"50\" data-end=\"75\">Kimler \u0130\u00e7in Uygundur?<\/strong><\/span><\/h3>\n<ul data-start=\"76\" data-end=\"269\">\n<li data-section-id=\"1pqxdj4\" data-start=\"76\" data-end=\"269\">\u0130nce telli ve y\u0131pranm\u0131\u015f sa\u00e7lara sahip ki\u015filer i\u00e7in \u00f6zel olarak geli\u015ftirilmi\u015ftir. Sa\u00e7lar\u0131 a\u011f\u0131rla\u015ft\u0131rmadan nazik bak\u0131m sa\u011flar ve g\u00fcnl\u00fck kullan\u0131ma uygundur.<\/li>\n<\/ul>\n","protected":false},"excerpt":{"rendered":"<h3 data-section-id=\"o7q5fx\" data-start=\"271\" data-end=\"298\"><span role=\"text\"><strong data-start=\"275\" data-end=\"298\">Ne \u0130\u00e7in Kullan\u0131l\u0131r?<\/strong><\/span><\/h3>\n<ul data-start=\"299\" data-end=\"418\">\n<li data-section-id=\"1smowaj\" data-start=\"299\" data-end=\"418\">Sa\u00e7 tellerini yumu\u015fat\u0131r, daha kolay taranmas\u0131n\u0131 sa\u011flar ve parlakl\u0131k kazand\u0131r\u0131r.<\/li>\n<\/ul>\n<h3 data-section-id=\"1d4tr2v\" data-start=\"420\" data-end=\"445\"><span role=\"text\"><strong data-start=\"424\" data-end=\"445\">Nas\u0131l Kullan\u0131l\u0131r?<\/strong><\/span><\/h3>\n<ul data-start=\"446\" data-end=\"571\">\n<li data-section-id=\"1svy5eg\" data-start=\"446\" data-end=\"571\">Temizlenmi\u015f ve hafif nemli sa\u00e7a uygulay\u0131n, 2\u20135\u202fdakika bekletin ve ard\u0131ndan durulay\u0131n.<\/li>\n<\/ul>\n<h3 data-section-id=\"dp2cr9\" data-start=\"573\" data-end=\"639\"><span role=\"text\"><strong data-start=\"577\" data-end=\"639\">\u0130\u00e7eri\u011fi:<\/strong><\/span><\/h3>\n<p data-start=\"640\" data-end=\"1353\">AQUA \/ WATER \/ EAU, CETEARYL ALCOHOL, BEHENTRIMONIUM CHLORIDE, GLYCERIN, HYDROXYPROPYL STARCH PHOSPHATE, CETRIMONIUM CHLORIDE, OLEIC ACID, GLYCERYL STEARATE, DIMETHICONE, BENZOTRIAZOLYL DODECYL P\u2011CRESOL, ISOPROPYL ALCOHOL, BENZYL ALCOHOL, PARFUM \/ FRAGRANCE, PENTAERYTHRITYL TETRA\u2011DI\u2011T\u2011BUTYL HYDROXYHYDROCINNAMATE, SCLEROTIUM GUM, POLYQUATERNIUM\u20116, VP\/DMAPA ACRYLATES COPOLYMER, AMODIMETHICONE, ORYZA SATIVA CERA \/ ORYZA SATIVA (RICE) BRAN WAX, DISODIUM EDTA, SODIUM BENZOATE, APIUM GRAVEOLENS EXTRACT \/ APIUM GRAVEOLENS (CELERY) EXTRACT, BENZYL SALICYLATE, LINALOOL, CITRONELLOL, HYDROXYCITRONELLAL, CITRIC ACID, BENZALKONIUM CHLORIDE, CI 19140 \/ YELLOW\u202f5, CI\u202f14700 \/ RED\u202f4.<\/p>\n","protected":false},"featured_media":4508,"comment_status":"open","ping_status":"closed","template":"","meta":{"_acf_changed":false},"product_brand":[189],"product_cat":[394],"product_tag":[],"class_list":{"0":"post-4509","1":"product","2":"type-product","3":"status-publish","4":"has-post-thumbnail","6":"product_brand-davines","7":"product_cat-davines","9":"first","10":"instock","11":"shipping-taxable","12":"purchasable","13":"product-type-simple"},"acf":[],"_links":{"self":[{"href":"https:\/\/www.kozmodern.com\/index.php?rest_route=\/wp\/v2\/product\/4509","targetHints":{"allow":["GET"]}}],"collection":[{"href":"https:\/\/www.kozmodern.com\/index.php?rest_route=\/wp\/v2\/product"}],"about":[{"href":"https:\/\/www.kozmodern.com\/index.php?rest_route=\/wp\/v2\/types\/product"}],"replies":[{"embeddable":true,"href":"https:\/\/www.kozmodern.com\/index.php?rest_route=%2Fwp%2Fv2%2Fcomments&post=4509"}],"wp:featuredmedia":[{"embeddable":true,"href":"https:\/\/www.kozmodern.com\/index.php?rest_route=\/wp\/v2\/media\/4508"}],"wp:attachment":[{"href":"https:\/\/www.kozmodern.com\/index.php?rest_route=%2Fwp%2Fv2%2Fmedia&parent=4509"}],"wp:term":[{"taxonomy":"product_brand","embeddable":true,"href":"https:\/\/www.kozmodern.com\/index.php?rest_route=%2Fwp%2Fv2%2Fproduct_brand&post=4509"},{"taxonomy":"product_cat","embeddable":true,"href":"https:\/\/www.kozmodern.com\/index.php?rest_route=%2Fwp%2Fv2%2Fproduct_cat&post=4509"},{"taxonomy":"product_tag","embeddable":true,"href":"https:\/\/www.kozmodern.com\/index.php?rest_route=%2Fwp%2Fv2%2Fproduct_tag&post=4509"}],"curies":[{"name":"wp","href":"https:\/\/api.w.org\/{rel}","templated":true}]}}