{"id":4555,"date":"2026-03-02T00:46:34","date_gmt":"2026-03-01T21:46:34","guid":{"rendered":"https:\/\/www.kozmodern.com\/?product=davines-dokulme-onleyici-canlandirici-seti"},"modified":"2026-04-16T13:53:40","modified_gmt":"2026-04-16T10:53:40","slug":"davines-dokulme-onleyici-canlandirici-seti","status":"publish","type":"product","link":"https:\/\/www.kozmodern.com\/?product=davines-dokulme-onleyici-canlandirici-seti","title":{"rendered":"Davines D\u00f6k\u00fclme \u00d6nleyici Canland\u0131r\u0131c\u0131 Seti"},"content":{"rendered":"<p data-start=\"664\" data-end=\"721\"><strong data-start=\"664\" data-end=\"679\">Set \u0130\u00e7eri\u011fi<\/strong><br data-start=\"679\" data-end=\"682\" \/>Bu set genellikle iki \u00fcr\u00fcnden olu\u015fur:<\/p>\n<ol>\n<li style=\"list-style-type: none;\">\n<ol data-start=\"722\" data-end=\"1034\">\n<li data-section-id=\"257hkb\" data-start=\"722\" data-end=\"870\"><strong data-start=\"725\" data-end=\"766\"><span class=\"hover:entity-accent entity-underline inline cursor-pointer align-baseline\"><span class=\"whitespace-normal\">Davines Energizing D\u00f6k\u00fclme \u00d6nleyici \u015eampuan 250\u202fml<\/span><\/span><\/strong> \u2013 Sa\u00e7 d\u00f6k\u00fclmesine kar\u015f\u0131 nazik temizlik ve uyar\u0131c\u0131 bak\u0131m sa\u011flar.<\/li>\n<li data-section-id=\"ldnyrh\" data-start=\"871\" data-end=\"1034\"><strong data-start=\"874\" data-end=\"915\"><span class=\"hover:entity-accent entity-underline inline cursor-pointer align-baseline\"><span class=\"whitespace-normal\">Davines Energizing Sa\u00e7 Bak\u0131m Jeli 150\u202fml<\/span><\/span><\/strong> \u2013 Sa\u00e7 derisini canland\u0131ran, nem veren ve hafif \u015fekillendirici bak\u0131m sunan jel.<\/li>\n<\/ol>\n<\/li>\n<\/ol>\n<p data-start=\"47\" data-end=\"74\"><strong data-start=\"47\" data-end=\"72\">Kimler \u0130\u00e7in Uygundur?<\/strong><\/p>\n<ul data-start=\"75\" data-end=\"341\">\n<li data-section-id=\"f38ibq\" data-start=\"75\" data-end=\"158\">\u0130nce telli, k\u0131r\u0131lgan ve d\u00f6k\u00fclmeye e\u011filimli sa\u00e7lara sahip olanlar i\u00e7in uygundur.<\/li>\n<li data-section-id=\"1cc1ssb\" data-start=\"159\" data-end=\"341\">Sa\u00e7 d\u00f6k\u00fclmesi ya\u015fayan ki\u015filer sa\u00e7 k\u00f6klerini g\u00fc\u00e7lendirmek ve sa\u00e7 derisini canland\u0131rmak isteyenler bu seti g\u00fcnl\u00fck bak\u0131m rutinine ekleyebilirler.<\/li>\n<\/ul>\n","protected":false},"excerpt":{"rendered":"<h3 data-start=\"343\" data-end=\"368\">Ne \u0130\u00e7in Kullan\u0131l\u0131r?<\/h3>\n<ul data-start=\"369\" data-end=\"662\">\n<li data-section-id=\"16pdgfp\" data-start=\"369\" data-end=\"495\">Sa\u00e7 d\u00f6k\u00fclmesini azaltmaya yard\u0131mc\u0131 olur, sa\u00e7 derisini uyar\u0131r ve sa\u00e7lar\u0131 g\u00fc\u00e7lendirir.<\/li>\n<li data-section-id=\"14zau2h\" data-start=\"496\" data-end=\"662\">Set i\u00e7indeki \u00fcr\u00fcnler sa\u00e7 derisine enerji vererek zay\u0131f g\u00f6r\u00fcnen sa\u00e7 liflerini canland\u0131r\u0131r ve daha dolgun g\u00f6r\u00fcnmesini destekler.<\/li>\n<\/ul>\n<h3 data-start=\"1036\" data-end=\"1059\">Nas\u0131l Kullan\u0131l\u0131r?<\/h3>\n<ul data-start=\"1060\" data-end=\"1350\">\n<li data-section-id=\"gaf3nx\" data-start=\"1060\" data-end=\"1213\"><em data-start=\"1062\" data-end=\"1072\">\u015eampuan:<\/em> Nemli sa\u00e7a nazik\u00e7e masaj yaparak uygulay\u0131n, 2\u20133 dakika bekletin ve durulay\u0131n. Gerekirse tekrarlay\u0131n.<\/li>\n<li data-section-id=\"58pijc\" data-start=\"1214\" data-end=\"1350\"><em data-start=\"1216\" data-end=\"1235\">Canland\u0131r\u0131c\u0131 Jel:<\/em> \u015eampuan sonras\u0131 sa\u00e7 derisine ve k\u00f6klere uygulay\u0131n. Durulama gerektirmez.<\/li>\n<\/ul>\n<h3 data-section-id=\"1aahi94\" data-start=\"290\" data-end=\"368\"><span role=\"text\"><strong data-start=\"297\" data-end=\"366\">1) Davines Energizing D\u00f6k\u00fclme \u00d6nleyici \u015eampuan (250\u202fml) \u2013 \u0130\u00e7eri\u011fi<\/strong><\/span><\/h3>\n<p data-start=\"369\" data-end=\"1028\"><em data-start=\"369\" data-end=\"990\">Aqua \/ Water \/ Eau, Sodium Lauroyl Methyl Isethionate, Cocamidopropyl Betaine, Disodium Cocoamphodiacetate, Sodium Lauroyl Sarcosinate, Polysorbate 20, Caffeine, Sodium Chloride, Benzyl Alcohol, Parfum \/ Fragrance, Acrylates\/C10\u201130 Alkyl Acrylate Crosspolymer, Sodium Benzoate, Trisodium Ethylenediamine Disuccinate, Mentha Piperita Oil \/ Mentha Piperita (Peppermint) Oil, Glyceryl Oleate, Coco\u2011Glucoside, Sodium Hydroxide, Eugenol, Disodium EDTA, Eucalyptus Globulus Leaf Oil, Linalool, Polyquaternium\u201110, Limonene, Niacinamide, Citric Acid, Epigallocatechin Gallatyl Glucoside, CI 17200 \/ Red 33, CI 19140 \/ Yellow 5.<\/em><\/p>\n<h3 data-section-id=\"u20bzi\" data-start=\"1035\" data-end=\"1126\"><span role=\"text\"><strong data-start=\"1042\" data-end=\"1124\">2) Energizing Sa\u00e7 D\u00f6k\u00fclmesine Kar\u015f\u0131 Canland\u0131r\u0131c\u0131 Bak\u0131m Jeli (150\u202fml) \u2013 \u0130\u00e7eri\u011fi<\/strong><\/span><\/h3>\n<p data-start=\"1127\" data-end=\"1502\"><em data-start=\"1127\" data-end=\"1464\">Aqua \/ Water \/ Eau, Alcohol Denat., Polysorbate 20, Caffeine, Acrylates\/C10\u201130 Alkyl Acrylate Crosspolymer, Menthol, Parfum \/ Fragrance, Aminomethyl Propanol, Disodium EDTA, Eucalyptus Globulus Leaf Oil, Niacinamide, Linalool, Limonene, Eugenol, Epigallocatechin Gallatyl Glucoside, Benzyl Benzoate, Cinnamal, Epigallocatechin Gallate.<\/em><\/p>\n","protected":false},"featured_media":4554,"comment_status":"open","ping_status":"closed","template":"","meta":{"_acf_changed":false},"product_brand":[189],"product_cat":[400],"product_tag":[],"class_list":{"0":"post-4555","1":"product","2":"type-product","3":"status-publish","4":"has-post-thumbnail","6":"product_brand-davines","7":"product_cat-set","9":"first","10":"outofstock","11":"shipping-taxable","12":"purchasable","13":"product-type-simple"},"acf":[],"_links":{"self":[{"href":"https:\/\/www.kozmodern.com\/index.php?rest_route=\/wp\/v2\/product\/4555","targetHints":{"allow":["GET"]}}],"collection":[{"href":"https:\/\/www.kozmodern.com\/index.php?rest_route=\/wp\/v2\/product"}],"about":[{"href":"https:\/\/www.kozmodern.com\/index.php?rest_route=\/wp\/v2\/types\/product"}],"replies":[{"embeddable":true,"href":"https:\/\/www.kozmodern.com\/index.php?rest_route=%2Fwp%2Fv2%2Fcomments&post=4555"}],"wp:featuredmedia":[{"embeddable":true,"href":"https:\/\/www.kozmodern.com\/index.php?rest_route=\/wp\/v2\/media\/4554"}],"wp:attachment":[{"href":"https:\/\/www.kozmodern.com\/index.php?rest_route=%2Fwp%2Fv2%2Fmedia&parent=4555"}],"wp:term":[{"taxonomy":"product_brand","embeddable":true,"href":"https:\/\/www.kozmodern.com\/index.php?rest_route=%2Fwp%2Fv2%2Fproduct_brand&post=4555"},{"taxonomy":"product_cat","embeddable":true,"href":"https:\/\/www.kozmodern.com\/index.php?rest_route=%2Fwp%2Fv2%2Fproduct_cat&post=4555"},{"taxonomy":"product_tag","embeddable":true,"href":"https:\/\/www.kozmodern.com\/index.php?rest_route=%2Fwp%2Fv2%2Fproduct_tag&post=4555"}],"curies":[{"name":"wp","href":"https:\/\/api.w.org\/{rel}","templated":true}]}}