{"id":4895,"date":"2026-03-02T00:54:34","date_gmt":"2026-03-01T21:54:34","guid":{"rendered":"https:\/\/www.kozmodern.com\/?product=davines-love-hair-smoother-puruzsuzlestirici-sac-kremi-150-ml"},"modified":"2026-03-12T03:05:11","modified_gmt":"2026-03-12T00:05:11","slug":"davines-love-hair-smoother-puruzsuzlestirici-sac-kremi-150-ml","status":"publish","type":"product","link":"https:\/\/www.kozmodern.com\/?product=davines-love-hair-smoother-puruzsuzlestirici-sac-kremi-150-ml","title":{"rendered":"Davines Love Hair Smoother P\u00fcr\u00fczs\u00fczle\u015ftirici Sa\u00e7 Kremi 150 ml"},"content":{"rendered":"<h4 data-start=\"0\" data-end=\"78\"><strong data-start=\"13\" data-end=\"78\">Davines Love Hair Smoother P\u00fcr\u00fczs\u00fczle\u015ftirici Sa\u00e7 Kremi 150\u202fml<\/strong><\/h4>\n<h3 data-start=\"85\" data-end=\"109\">Ne i\u015fe yarar?<\/h3>\n<ul data-start=\"110\" data-end=\"443\">\n<li data-start=\"110\" data-end=\"187\">\n<p data-start=\"112\" data-end=\"187\">Kabaran ve elektriklenme yapan sa\u00e7lar\u0131 yumu\u015fat\u0131r ve p\u00fcr\u00fczs\u00fczle\u015ftirir.<\/p>\n<\/li>\n<li data-start=\"188\" data-end=\"247\">\n<p data-start=\"190\" data-end=\"247\">Sa\u00e7a kolay taranabilirlik ve yumu\u015fakl\u0131k kazand\u0131r\u0131r.<\/p>\n<\/li>\n<li data-start=\"248\" data-end=\"314\">\n<p data-start=\"250\" data-end=\"314\">G\u00fcn boyu kontrol sa\u011flar, sa\u00e7 tellerini daha d\u00fczenli tutar.<\/p>\n<\/li>\n<li data-start=\"315\" data-end=\"363\">\n<p data-start=\"317\" data-end=\"363\">Sa\u00e7a parlakl\u0131k ve ipeksi bir doku verir.<\/p>\n<\/li>\n<li data-start=\"364\" data-end=\"443\">\n<p data-start=\"366\" data-end=\"443\">\u00d6zellikle asi ve zor kontrol edilen sa\u00e7lar i\u00e7in bak\u0131m ve rahatl\u0131k sa\u011flar.<\/p>\n<\/li>\n<\/ul>\n","protected":false},"excerpt":{"rendered":"<h3 data-start=\"450\" data-end=\"480\">Ne i\u00e7in kullan\u0131l\u0131r?<\/h3>\n<ul data-start=\"481\" data-end=\"693\">\n<li data-start=\"481\" data-end=\"563\">\n<p data-start=\"483\" data-end=\"563\">Kabarma ve elektriklenme g\u00f6r\u00fclen sa\u00e7lar\u0131 daha kontrol alt\u0131nda tutmak i\u00e7in.<\/p>\n<\/li>\n<li data-start=\"564\" data-end=\"626\">\n<p data-start=\"566\" data-end=\"626\">Sa\u00e7 y\u00fczeyini d\u00fczle\u015ftirmek ve yumu\u015fakl\u0131k sa\u011flamak i\u00e7in.<\/p>\n<\/li>\n<li data-start=\"627\" data-end=\"693\">\n<p data-start=\"629\" data-end=\"693\">G\u00fcnl\u00fck sa\u00e7 bak\u0131m\u0131nda nem ve bak\u0131m deste\u011fi i\u00e7in kullan\u0131l\u0131r.<\/p>\n<\/li>\n<\/ul>\n<h3 data-start=\"700\" data-end=\"743\">Hangi sa\u00e7 tipleri i\u00e7in uygundur?<\/h3>\n<ul data-start=\"744\" data-end=\"919\">\n<li data-start=\"744\" data-end=\"783\">\n<p data-start=\"746\" data-end=\"783\">Kabaran \/ elektriklenen sa\u00e7lar.<\/p>\n<\/li>\n<li data-start=\"784\" data-end=\"833\">\n<p data-start=\"786\" data-end=\"833\">Kal\u0131n telli sa\u00e7lar dahil t\u00fcm sa\u00e7 tipleri.<\/p>\n<\/li>\n<li data-start=\"834\" data-end=\"919\">\n<p data-start=\"836\" data-end=\"919\">Sa\u00e7\u0131n\u0131 daha yumu\u015fak, p\u00fcr\u00fczs\u00fcz ve kontrol edilebilir hale getirmek isteyenler.<\/p>\n<\/li>\n<\/ul>\n<p data-start=\"921\" data-end=\"1021\">Bu krem \u00f6zellikle nem kayb\u0131, elektriklenme ve da\u011f\u0131n\u0131kl\u0131k sorunlar\u0131 ya\u015fayan sa\u00e7lar i\u00e7in uygundur.<\/p>\n<h3 data-start=\"1028\" data-end=\"1056\">Nas\u0131l kullan\u0131l\u0131r?<\/h3>\n<ol data-start=\"1057\" data-end=\"1381\">\n<li data-start=\"1057\" data-end=\"1120\">\n<p data-start=\"1060\" data-end=\"1120\">\u015eampuan sonras\u0131 nemli sa\u00e7a yeterli miktarda uygulay\u0131n.<\/p>\n<\/li>\n<li data-start=\"1121\" data-end=\"1171\">\n<p data-start=\"1124\" data-end=\"1171\">Sa\u00e7\u0131n boy ve u\u00e7lar\u0131na e\u015fit \u015fekilde yay\u0131n.<\/p>\n<\/li>\n<li data-start=\"1172\" data-end=\"1201\">\n<p data-start=\"1175\" data-end=\"1201\">2\u20135 dakika bekletin.<\/p>\n<\/li>\n<li data-start=\"1202\" data-end=\"1269\">\n<p data-start=\"1205\" data-end=\"1269\">Nazik\u00e7e tarayarak \u00fcr\u00fcn\u00fcn sa\u00e7 telinde yay\u0131lmas\u0131n\u0131 sa\u011flay\u0131n.<\/p>\n<\/li>\n<li data-start=\"1270\" data-end=\"1306\">\n<p data-start=\"1273\" data-end=\"1306\">Bol su ile iyice durulay\u0131n.<\/p>\n<\/li>\n<li data-start=\"1307\" data-end=\"1381\">\n<p data-start=\"1310\" data-end=\"1381\">\u0130sterseniz Love serisi di\u011fer bak\u0131m \u00fcr\u00fcnleriyle devam edebilirsiniz.<\/p>\n<\/li>\n<\/ol>\n<h3 data-start=\"1388\" data-end=\"1451\">\u0130\u00e7indekiler:<\/h3>\n<p data-start=\"1452\" data-end=\"1951\">Aqua \/ Water \/ Eau, Behentrimonium Methosulfate, Cetearyl Alcohol, Cetyl Alcohol, Glycerin, Parfum \/ Fragrance, Benzyl Alcohol, Prunus Amygdalus Dulcis (Sweet Almond) Seed Extract, Sodium Benzoate, Potassium Sorbate, Panthenol, Propylene Glycol Dicaprylate\/Dicaprate, Polyquaternium\u201137, Hydrolyzed Vegetable Protein PG\u2011Propyl Silanetriol, Citric Acid, Tetrasodium Glutamate Diacetate, Sodium Hydroxide, Disodium EDTA, Limonene.<\/p>\n","protected":false},"featured_media":4894,"comment_status":"open","ping_status":"closed","template":"","meta":{"_acf_changed":false},"product_brand":[189],"product_cat":[397],"product_tag":[],"class_list":{"0":"post-4895","1":"product","2":"type-product","3":"status-publish","4":"has-post-thumbnail","6":"product_brand-davines","7":"product_cat-sac-kremi-davines","9":"first","10":"outofstock","11":"shipping-taxable","12":"purchasable","13":"product-type-simple"},"acf":[],"_links":{"self":[{"href":"https:\/\/www.kozmodern.com\/index.php?rest_route=\/wp\/v2\/product\/4895","targetHints":{"allow":["GET"]}}],"collection":[{"href":"https:\/\/www.kozmodern.com\/index.php?rest_route=\/wp\/v2\/product"}],"about":[{"href":"https:\/\/www.kozmodern.com\/index.php?rest_route=\/wp\/v2\/types\/product"}],"replies":[{"embeddable":true,"href":"https:\/\/www.kozmodern.com\/index.php?rest_route=%2Fwp%2Fv2%2Fcomments&post=4895"}],"wp:featuredmedia":[{"embeddable":true,"href":"https:\/\/www.kozmodern.com\/index.php?rest_route=\/wp\/v2\/media\/4894"}],"wp:attachment":[{"href":"https:\/\/www.kozmodern.com\/index.php?rest_route=%2Fwp%2Fv2%2Fmedia&parent=4895"}],"wp:term":[{"taxonomy":"product_brand","embeddable":true,"href":"https:\/\/www.kozmodern.com\/index.php?rest_route=%2Fwp%2Fv2%2Fproduct_brand&post=4895"},{"taxonomy":"product_cat","embeddable":true,"href":"https:\/\/www.kozmodern.com\/index.php?rest_route=%2Fwp%2Fv2%2Fproduct_cat&post=4895"},{"taxonomy":"product_tag","embeddable":true,"href":"https:\/\/www.kozmodern.com\/index.php?rest_route=%2Fwp%2Fv2%2Fproduct_tag&post=4895"}],"curies":[{"name":"wp","href":"https:\/\/api.w.org\/{rel}","templated":true}]}}