{"id":4901,"date":"2026-03-02T00:54:42","date_gmt":"2026-03-01T21:54:42","guid":{"rendered":"https:\/\/www.kozmodern.com\/?product=davines-love-smoothing-conditioner-puruzsuzlestirici-sac-bakim-kremi-1000-ml"},"modified":"2026-03-12T03:06:56","modified_gmt":"2026-03-12T00:06:56","slug":"davines-love-smoothing-conditioner-puruzsuzlestirici-sac-bakim-kremi-1000-ml","status":"publish","type":"product","link":"https:\/\/www.kozmodern.com\/?product=davines-love-smoothing-conditioner-puruzsuzlestirici-sac-bakim-kremi-1000-ml","title":{"rendered":"Davines Love Smoothing Conditioner P\u00fcr\u00fczs\u00fczle\u015ftirici Sa\u00e7 Bak\u0131m Kremi 1000 ml"},"content":{"rendered":"<h4 data-start=\"0\" data-end=\"54\"><strong data-start=\"13\" data-end=\"54\"><span class=\"inline align-baseline\"><span class=\"whitespace-normal\"><span class=\"hover:entity-accent entity-underline cursor-pointer\">Davines Love Smoothing Conditioner 1000\u202fml<\/span><\/span><\/span><\/strong><\/h4>\n<h3 data-start=\"61\" data-end=\"85\">Ne i\u015fe yarar?<\/h3>\n<ul data-start=\"86\" data-end=\"466\">\n<li data-start=\"86\" data-end=\"168\">\n<p data-start=\"88\" data-end=\"168\">Sa\u00e7taki kabarma ve elektriklenmeyi kontrol alt\u0131na alarak p\u00fcr\u00fczs\u00fczle\u015ftirir.<\/p>\n<\/li>\n<li data-start=\"169\" data-end=\"237\">\n<p data-start=\"171\" data-end=\"237\">Sa\u00e7\u0131n daha kolay taranmas\u0131n\u0131 sa\u011flar ve d\u00fc\u011f\u00fcmlenmeyi azalt\u0131r.<\/p>\n<\/li>\n<li data-start=\"238\" data-end=\"284\">\n<p data-start=\"240\" data-end=\"284\">Nem deste\u011fi ve elastikiyet kazand\u0131r\u0131r.<\/p>\n<\/li>\n<li data-start=\"285\" data-end=\"336\">\n<p data-start=\"287\" data-end=\"336\">Parlakl\u0131k verir ve sa\u00e7\u0131 daha yumu\u015fak yapar.<\/p>\n<\/li>\n<li data-start=\"337\" data-end=\"466\">\n<p data-start=\"339\" data-end=\"466\">Asi, kuru veya zor kontrol edilen sa\u00e7lar\u0131 daha d\u00fczg\u00fcn, ipeksi ve parlak hale getirir.<\/p>\n<\/li>\n<\/ul>\n<hr data-start=\"468\" data-end=\"471\" \/>\n<h3 data-start=\"473\" data-end=\"503\"><\/h3>\n","protected":false},"excerpt":{"rendered":"<h3 data-start=\"473\" data-end=\"503\">Ne i\u00e7in kullan\u0131l\u0131r?<\/h3>\n<ul data-start=\"504\" data-end=\"769\">\n<li data-start=\"504\" data-end=\"567\">\n<p data-start=\"506\" data-end=\"567\">Kabarma ve elektriklenme g\u00f6r\u00fclen sa\u00e7larda bak\u0131m yapmak,<\/p>\n<\/li>\n<li data-start=\"568\" data-end=\"627\">\n<p data-start=\"570\" data-end=\"627\">Sa\u00e7 telini besleyerek nem ve parlakl\u0131k kazand\u0131rmak,<\/p>\n<\/li>\n<li data-start=\"628\" data-end=\"769\">\n<p data-start=\"630\" data-end=\"769\">Daha p\u00fcr\u00fczs\u00fcz, kontrol edilebilir ve kolay \u015fekillendirilebilir sa\u00e7lar elde etmek i\u00e7in kullan\u0131l\u0131r.<\/p>\n<\/li>\n<\/ul>\n<h3 data-start=\"776\" data-end=\"819\">Hangi sa\u00e7 tipleri i\u00e7in uygundur?<\/h3>\n<ul data-start=\"820\" data-end=\"1012\">\n<li data-start=\"820\" data-end=\"861\">\n<p data-start=\"822\" data-end=\"861\">Kuru ve elektriklenen sa\u00e7 tipleri<\/p>\n<\/li>\n<li data-start=\"862\" data-end=\"893\">\n<p data-start=\"864\" data-end=\"893\">Asi veya kabar\u0131k sa\u00e7lar<\/p>\n<\/li>\n<li data-start=\"894\" data-end=\"946\">\n<p data-start=\"896\" data-end=\"946\">Kal\u0131n telli veya zor kontrol edilen sa\u00e7larda<\/p>\n<\/li>\n<li data-start=\"947\" data-end=\"1012\">\n<p data-start=\"949\" data-end=\"1012\">T\u00fcm sa\u00e7 tiplerinde p\u00fcr\u00fczs\u00fczl\u00fck ve yumu\u015fakl\u0131k isteyen herkes<\/p>\n<\/li>\n<\/ul>\n<p data-start=\"1014\" data-end=\"1174\">Bu krem \u00f6zellikle p\u00fcr\u00fczs\u00fczl\u00fck ve anti\u2011frizz (elektriklenme \u00f6nleyici) bak\u0131m\u0131 hedefleyen sa\u00e7lar i\u00e7in form\u00fcle edilmi\u015ftir.<\/p>\n<h3 data-start=\"1181\" data-end=\"1209\">Nas\u0131l kullan\u0131l\u0131r?<\/h3>\n<ol data-start=\"1210\" data-end=\"1538\">\n<li data-start=\"1210\" data-end=\"1268\">\n<p data-start=\"1213\" data-end=\"1268\">\u015eampuan sonras\u0131 sa\u00e7\u0131n fazla suyunu havluyla al\u0131n.<\/p>\n<\/li>\n<li data-start=\"1269\" data-end=\"1316\">\n<p data-start=\"1272\" data-end=\"1316\">Kremi sa\u00e7\u0131n boy ve u\u00e7lar\u0131na uygulay\u0131n.<\/p>\n<\/li>\n<li data-start=\"1317\" data-end=\"1365\">\n<p data-start=\"1320\" data-end=\"1365\">Tarayarak yayarak 5\u201310 dakika bekletin.<\/p>\n<\/li>\n<li data-start=\"1366\" data-end=\"1402\">\n<p data-start=\"1369\" data-end=\"1402\">Bol su ile iyice durulay\u0131n.<\/p>\n<\/li>\n<li data-start=\"1403\" data-end=\"1538\">\n<p data-start=\"1406\" data-end=\"1538\">Ard\u0131ndan sa\u00e7\u0131n\u0131z\u0131 havluyla hafif\u00e7e kurutup istedi\u011finiz \u015fekillendiriciyi kullanabilirsiniz.<\/p>\n<\/li>\n<\/ol>\n<h3 data-start=\"1545\" data-end=\"1611\">\u0130\u00e7indekiler:<\/h3>\n<p data-start=\"1612\" data-end=\"2244\">Aqua \/ Water \/ Eau, Cetearyl Alcohol, Glycerin, Behentrimonium Chloride, Cetyl Alcohol, Dimethicone, Cetrimonium Chloride, Behentrimonium Methosulfate, Isopropyl Alcohol, Panthenol, Benzyl Alcohol, Parfum \/ Fragrance, Dicaprylyl Ether, Lauryl Alcohol, Amodimethicone\/Silsesquioxane Copolymer, Oryza Sativa Cera \/ Oryza Sativa (Rice) Bran Wax, Disodium EDTA, Hydroxyethylcellulose, Olea Europaea Fruit Extract \/ Olea Europaea (Olive) Fruit Extract, Sodium Benzoate, Citric Acid, Trideceth\u20115, Polyquaternium\u201110, Tocopherol, Phenoxyethanol, Limonene, CI 60730 \/ Ext. Violet 2, CI 19140 \/ Yellow 5.<\/p>\n","protected":false},"featured_media":4900,"comment_status":"open","ping_status":"closed","template":"","meta":{"_acf_changed":false},"product_brand":[189],"product_cat":[397],"product_tag":[],"class_list":{"0":"post-4901","1":"product","2":"type-product","3":"status-publish","4":"has-post-thumbnail","6":"product_brand-davines","7":"product_cat-sac-kremi-davines","9":"first","10":"outofstock","11":"shipping-taxable","12":"purchasable","13":"product-type-simple"},"acf":[],"_links":{"self":[{"href":"https:\/\/www.kozmodern.com\/index.php?rest_route=\/wp\/v2\/product\/4901","targetHints":{"allow":["GET"]}}],"collection":[{"href":"https:\/\/www.kozmodern.com\/index.php?rest_route=\/wp\/v2\/product"}],"about":[{"href":"https:\/\/www.kozmodern.com\/index.php?rest_route=\/wp\/v2\/types\/product"}],"replies":[{"embeddable":true,"href":"https:\/\/www.kozmodern.com\/index.php?rest_route=%2Fwp%2Fv2%2Fcomments&post=4901"}],"wp:featuredmedia":[{"embeddable":true,"href":"https:\/\/www.kozmodern.com\/index.php?rest_route=\/wp\/v2\/media\/4900"}],"wp:attachment":[{"href":"https:\/\/www.kozmodern.com\/index.php?rest_route=%2Fwp%2Fv2%2Fmedia&parent=4901"}],"wp:term":[{"taxonomy":"product_brand","embeddable":true,"href":"https:\/\/www.kozmodern.com\/index.php?rest_route=%2Fwp%2Fv2%2Fproduct_brand&post=4901"},{"taxonomy":"product_cat","embeddable":true,"href":"https:\/\/www.kozmodern.com\/index.php?rest_route=%2Fwp%2Fv2%2Fproduct_cat&post=4901"},{"taxonomy":"product_tag","embeddable":true,"href":"https:\/\/www.kozmodern.com\/index.php?rest_route=%2Fwp%2Fv2%2Fproduct_tag&post=4901"}],"curies":[{"name":"wp","href":"https:\/\/api.w.org\/{rel}","templated":true}]}}