{"id":5154,"date":"2026-03-02T00:58:37","date_gmt":"2026-03-01T21:58:37","guid":{"rendered":"https:\/\/www.kozmodern.com\/?product=davines-minu-boyali-saclar-icin-bakim-sampuani-250-ml"},"modified":"2026-04-16T13:30:20","modified_gmt":"2026-04-16T10:30:20","slug":"davines-minu-boyali-saclar-icin-bakim-sampuani-250-ml","status":"publish","type":"product","link":"https:\/\/www.kozmodern.com\/?product=davines-minu-boyali-saclar-icin-bakim-sampuani-250-ml","title":{"rendered":"Davines Minu Boyal\u0131 Sa\u00e7lar i\u00e7in Bak\u0131m \u015eampuan\u0131 250 ml"},"content":{"rendered":"<h3 data-section-id=\"v3slop\" data-start=\"46\" data-end=\"78\"><span role=\"text\"><strong data-start=\"53\" data-end=\"78\">Kimler i\u00e7in Uygundur?<\/strong><\/span><\/h3>\n<ul data-start=\"79\" data-end=\"408\">\n<li data-section-id=\"eg45lj\" data-start=\"79\" data-end=\"204\">Boyal\u0131 sa\u00e7lara sahip olan ki\u015filer \u2014 her renk tonunda sa\u00e7\u0131 olanlar i\u00e7in \u00f6zel form\u00fcl.<\/li>\n<li data-section-id=\"1mpfnzr\" data-start=\"205\" data-end=\"323\">Sa\u00e7 renginin solmas\u0131n\u0131 \u00f6nleyip canl\u0131l\u0131\u011f\u0131n\u0131 uzun s\u00fcre korumak isteyenler.<\/li>\n<li data-section-id=\"fvvzwm\" data-start=\"324\" data-end=\"408\">G\u00fcnl\u00fck nazik temizlik ve bak\u0131m isteyenler.<\/li>\n<\/ul>\n<p data-start=\"410\" data-end=\"569\">Bu \u015fampuan \u00f6zellikle kimyasal i\u015flemlere maruz kalm\u0131\u015f ya da boya sonras\u0131 hassasla\u015fm\u0131\u015f sa\u00e7larda nazik bir bak\u0131m sa\u011flar.<\/p>\n","protected":false},"excerpt":{"rendered":"<h3 data-section-id=\"qj6nx0\" data-start=\"576\" data-end=\"609\"><span role=\"text\">Ne \u0130\u00e7in Kullan\u0131l\u0131r?<\/span><\/h3>\n<p data-start=\"610\" data-end=\"1077\">Bu \u00fcr\u00fcn:<br data-start=\"618\" data-end=\"621\" \/>\u2714\ufe0f Boyal\u0131 sa\u00e7 renginin solmas\u0131n\u0131 geciktirir ve daha uzun s\u00fcre canl\u0131 tutar. <br data-start=\"737\" data-end=\"740\" \/>\u2714\ufe0f Sa\u00e7\u0131 nazik\u00e7e temizler, a\u011f\u0131rla\u015ft\u0131rmadan kiri ve art\u0131k \u00fcr\u00fcnleri giderir. <br data-start=\"855\" data-end=\"858\" \/>\u2714\ufe0f Sa\u00e7lara parlakl\u0131k ve yumu\u015fakl\u0131k kazand\u0131r\u0131r. <br data-start=\"946\" data-end=\"949\" \/>\u2714\ufe0f Nemlendirici etkisi sayesinde sa\u00e7 tellerini daha yumu\u015fak ve sa\u011fl\u0131kl\u0131 hissettirir.<\/p>\n<h3 data-section-id=\"1lu2cql\" data-start=\"1084\" data-end=\"1112\"><span role=\"text\">Nas\u0131l Kullan\u0131l\u0131r?<\/span><\/h3>\n<ol data-start=\"1113\" data-end=\"1560\">\n<li data-section-id=\"1jf1l5j\" data-start=\"1113\" data-end=\"1197\">Islak sa\u00e7a yeterli miktar\u0131 uygulay\u0131n.<\/li>\n<li data-section-id=\"j2fq3j\" data-start=\"1198\" data-end=\"1278\">Nazik\u00e7e masaj yaparak k\u00f6p\u00fcrt\u00fcn.<\/li>\n<li data-section-id=\"l5nlqp\" data-start=\"1279\" data-end=\"1349\">Bol su ile durulay\u0131n.<\/li>\n<li data-section-id=\"17e0njo\" data-start=\"1350\" data-end=\"1428\">Gerekirse i\u015flemi tekrarlay\u0131n.<\/li>\n<li data-section-id=\"iwdx9f\" data-start=\"1429\" data-end=\"1560\">Ard\u0131ndan Davines Minu sa\u00e7 kremi veya maske ile bak\u0131m rutininizi tamamlayabilirsiniz.<\/li>\n<\/ol>\n<h3 data-section-id=\"1j4ki1x\" data-start=\"1567\" data-end=\"1622\"><span role=\"text\">\u0130\u00e7erik:<\/span><\/h3>\n<p data-start=\"1623\" data-end=\"2706\">AQUA\/WATER\/EAU, DISODIUM\u202fLAURETH\u202fSULFOSUCCINATE, GLYCERIN, SODIUM\u202fLAUROYL\u202fMETHYL\u202fISETHIONATE, SODIUM\u202fCOCOYL\u202fISETHIONATE, COCAMIDOPROPYL\u202fBETAINE, SODIUM\u202fLAUROYL\u202fSARCOSINATE, SODIUM\u202fLAURYL\u202fSULFOACETATE, ACRYLATES\/C10\u201130\u202fALKYL\u202fACRYLATE\u202fCROSSPOLYMER, BENZYL\u202fALCOHOL, PANTHENOL, PHENETHYL\u202fBENZOATE, COCO\u2011GLUCOSIDE, SODIUM\u202fMETHYL\u202f2\u2011SULFOLAURATE, GLYCOL\u202fDISTEARATE, PPG\u201126\u2011BUTETH\u201126, PARFUM\/FRAGRANCE, SODIUM\u202fBENZOATE, GLYCERYL\u202fOLEATE, PEG\u201140\u202fHYDROGENATED\u202fCASTOR\u202fOIL, DICAPRYLYL\u202fETHER, POLYQUATERNIUM\u201153, POLYQUATERNIUM\u20117, BUTETH\u20113, LAURYL\u202fALCOHOL, DISODIUM\u202f2\u2011SULFOLAURATE, AMODIMETHICONE\/SILSESQUIOXANE\u202fCOPOLYMER, GUAR\u202fHYDROXYPROPYLTRIMONIUM\u202fCHLORIDE, SODIUM\u202fBENZOTRIAZOLYL\u202fBUTYLPHENOL\u202fSULFONATE, TRISODIUM\u202fETHYLENEDIAMINE\u202fDISUCCINATE, TETRASODIUM\u202fGLUTAMATE\u202fDIACETATE, LINALOOL, SODIUM\u202fHYDROXIDE, CITRIC\u202fACID, TRIDECETH\u20115, GLYCERYL\u202fSTEARATE, CAPPARIS\u202fSPINOSA\u202fFRUIT\u202fEXTRACT, SODIUM\u202fCHLORIDE, GERANIOL, PHENOXYETHANOL, ALCOHOL, TRIBUTYL\u202fCITRATE, TRIS(TETRAMETHYLHYDROXYPIPERIDINOL)\u202fCITRATE, CI\u202f61570\/GREEN\u202f5, CI\u202f60730\/EXT.\u202fVIOLET\u202f2, CI\u202f19140\/YELLOW\u202f5.<\/p>\n","protected":false},"featured_media":5153,"comment_status":"open","ping_status":"closed","template":"","meta":{"_acf_changed":false},"product_brand":[189],"product_cat":[394,398],"product_tag":[],"class_list":{"0":"post-5154","1":"product","2":"type-product","3":"status-publish","4":"has-post-thumbnail","6":"product_brand-davines","7":"product_cat-davines","8":"product_cat-sampuan-davines","10":"first","11":"instock","12":"shipping-taxable","13":"purchasable","14":"product-type-simple"},"acf":[],"_links":{"self":[{"href":"https:\/\/www.kozmodern.com\/index.php?rest_route=\/wp\/v2\/product\/5154","targetHints":{"allow":["GET"]}}],"collection":[{"href":"https:\/\/www.kozmodern.com\/index.php?rest_route=\/wp\/v2\/product"}],"about":[{"href":"https:\/\/www.kozmodern.com\/index.php?rest_route=\/wp\/v2\/types\/product"}],"replies":[{"embeddable":true,"href":"https:\/\/www.kozmodern.com\/index.php?rest_route=%2Fwp%2Fv2%2Fcomments&post=5154"}],"wp:featuredmedia":[{"embeddable":true,"href":"https:\/\/www.kozmodern.com\/index.php?rest_route=\/wp\/v2\/media\/5153"}],"wp:attachment":[{"href":"https:\/\/www.kozmodern.com\/index.php?rest_route=%2Fwp%2Fv2%2Fmedia&parent=5154"}],"wp:term":[{"taxonomy":"product_brand","embeddable":true,"href":"https:\/\/www.kozmodern.com\/index.php?rest_route=%2Fwp%2Fv2%2Fproduct_brand&post=5154"},{"taxonomy":"product_cat","embeddable":true,"href":"https:\/\/www.kozmodern.com\/index.php?rest_route=%2Fwp%2Fv2%2Fproduct_cat&post=5154"},{"taxonomy":"product_tag","embeddable":true,"href":"https:\/\/www.kozmodern.com\/index.php?rest_route=%2Fwp%2Fv2%2Fproduct_tag&post=5154"}],"curies":[{"name":"wp","href":"https:\/\/api.w.org\/{rel}","templated":true}]}}