{"id":5549,"date":"2026-03-02T01:09:50","date_gmt":"2026-03-01T22:09:50","guid":{"rendered":"https:\/\/www.kozmodern.com\/?product=davines-oi-body-wash-vucut-yikama-jeli-90-ml"},"modified":"2026-03-05T00:52:45","modified_gmt":"2026-03-04T21:52:45","slug":"davines-oi-body-wash-vucut-yikama-jeli-90-ml","status":"publish","type":"product","link":"https:\/\/www.kozmodern.com\/?product=davines-oi-body-wash-vucut-yikama-jeli-90-ml","title":{"rendered":"Davines OI Body Wash V\u00fccut Y\u0131kama Jeli 90 ml"},"content":{"rendered":"<ul>\n<li>Roucou ya\u011f\u0131 ile zenginle\u015ftirilmi\u015f Ol, kusursuz bir ten olu\u015fturmak i\u00e7in geli\u015ftirilmi\u015ftir.<\/li>\n<li>T\u00fcm cilt tipleri i\u00e7in yo\u011fun ve \u00f6zel bir bak\u0131m sunar.<\/li>\n<li>Cilde kadifemsi bir yumu\u015fakl\u0131k kazand\u0131r\u0131r.<\/li>\n<li>Hafif yap\u0131s\u0131, g\u00fcn boyu bak\u0131m etkisini devam ettirir.<\/li>\n<li>Cilde ekstra yumu\u015fak bir doku katar.<\/li>\n<li>Roucou Ya\u011f\u0131n\u0131n mucizevi etkileriyle geli\u015ftirilmi\u015ftir.<\/li>\n<li>G\u00fcnl\u00fck kullan\u0131ma uygundur.<\/li>\n<li>Ayn\u0131 zamanda Annatto olarak da bilinen bir Amazon bitkisidir.<\/li>\n<li>Beta-carotene bak\u0131m\u0131ndan \u00e7ok zengindir (havu\u00e7takinin 100 kat\u0131 kadar).<\/li>\n<li>Yap\u0131land\u0131r\u0131c\u0131 bir etkisi vard\u0131r.<\/li>\n<li>Melanin \u00fcretimini harekete ge\u00e7irerek UV \u0131\u015f\u0131nlar\u0131n\u0131n yol a\u00e7t\u0131\u011f\u0131 h\u00fccre hasar\u0131n\u0131 b\u00fcy\u00fck oranda azalt\u0131r.<\/li>\n<li>Ya\u015flanman\u0131n \u00f6n\u00fcne ge\u00e7er.<\/li>\n<li>Cildin esnekli\u011fini korumas\u0131n\u0131 sa\u011flar.<\/li>\n<li>Oligoelementler bak\u0131m\u0131ndan zengindir.<\/li>\n<li>Serbest radikallere kar\u015f\u0131 n\u00f6tralize edici etkisi ile bilinen Ellagic Asit i\u00e7erir.<\/li>\n<li>Islak cildinize masaj yaparak uygulay\u0131n.<\/li>\n<li>\u0130htiya\u00e7 duyduk\u00e7a uygulamay\u0131 tekrar edebilirsiniz.<\/li>\n<\/ul>\n<p><strong>\u0130\u00e7erik (INCI):<\/strong> AQUA\/WATER\/EAU, DISODIUM LAURETH SULFOSUCCINATE, COCAMIDOPROPYL BETAINE, SODIUM LAUROYL METHYL ISETHIONATE, GLYCERIN, COCO-GLUCOSIDE, GLYCOL DISTEARATE, GLYCERYL OLEATE, PARFUM\/FRAGRANCE, SODIUM COCOYL GLYCINATE, SODIUM CHLORIDE, ACRYLATES\/C10-30 ALKYL ACRYLATE CROSSPOLYMER, BENZYL ALCOHOL, SODIUM COCOYL ISETHIONATE, CETYLBETAINE, POLYSORBATE 20, SODIUM LAUROAMPHOACETATE, SODIUM METHYL COCOYL TAURATE, SODIUM BENZOATE, TETRASODIUM GLUTAMATE DIACETATE, POLYQUATERNIUM-7, TRISODIUM ETHYLENEDIAMINE DISUCCINATE, POLYQUATERNIUM-10, GLYCERYL STEARATE, LAURYL BETAINE, CITRIC ACID, SODIUM HYDROXIDE, CITRONELLOL, BENZOIC ACID, HELIANTHUS ANNUUS SEED OIL\/HELIANTHUS ANNUUS (SUNFLOWER) SEED OIL, BIXA ORELLANA SEED OIL, TOCOPHEROL.<\/p>\n<p>&nbsp;<\/p>\n","protected":false},"excerpt":{"rendered":"<p>Roucou ya\u011f\u0131 ile zenginle\u015ftirilmi\u015f Ol, kusursuz bir ten olu\u015fturmak i\u00e7in geli\u015ftirilmi\u015ftir. \u2022 T\u00fcm cilt tipleri i\u00e7in yo\u011fun ve \u00f6zel bir bak\u0131m sunar.<\/p>\n","protected":false},"featured_media":5548,"comment_status":"open","ping_status":"closed","template":"","meta":{"_acf_changed":false},"product_brand":[189],"product_cat":[410],"product_tag":[],"class_list":{"0":"post-5549","1":"product","2":"type-product","3":"status-publish","4":"has-post-thumbnail","6":"product_brand-davines","7":"product_cat-vucut","9":"first","10":"outofstock","11":"shipping-taxable","12":"purchasable","13":"product-type-simple"},"acf":[],"_links":{"self":[{"href":"https:\/\/www.kozmodern.com\/index.php?rest_route=\/wp\/v2\/product\/5549","targetHints":{"allow":["GET"]}}],"collection":[{"href":"https:\/\/www.kozmodern.com\/index.php?rest_route=\/wp\/v2\/product"}],"about":[{"href":"https:\/\/www.kozmodern.com\/index.php?rest_route=\/wp\/v2\/types\/product"}],"replies":[{"embeddable":true,"href":"https:\/\/www.kozmodern.com\/index.php?rest_route=%2Fwp%2Fv2%2Fcomments&post=5549"}],"wp:featuredmedia":[{"embeddable":true,"href":"https:\/\/www.kozmodern.com\/index.php?rest_route=\/wp\/v2\/media\/5548"}],"wp:attachment":[{"href":"https:\/\/www.kozmodern.com\/index.php?rest_route=%2Fwp%2Fv2%2Fmedia&parent=5549"}],"wp:term":[{"taxonomy":"product_brand","embeddable":true,"href":"https:\/\/www.kozmodern.com\/index.php?rest_route=%2Fwp%2Fv2%2Fproduct_brand&post=5549"},{"taxonomy":"product_cat","embeddable":true,"href":"https:\/\/www.kozmodern.com\/index.php?rest_route=%2Fwp%2Fv2%2Fproduct_cat&post=5549"},{"taxonomy":"product_tag","embeddable":true,"href":"https:\/\/www.kozmodern.com\/index.php?rest_route=%2Fwp%2Fv2%2Fproduct_tag&post=5549"}],"curies":[{"name":"wp","href":"https:\/\/api.w.org\/{rel}","templated":true}]}}